CRAN Package Check Results for Package h2o

Last updated on 2021-05-12 22:53:32 CEST.

Flavor Version Tinstall Tcheck Ttotal Status Flags
r-devel-linux-x86_64-debian-clang 3.32.1.2 27.93 150.94 178.87 OK
r-devel-linux-x86_64-debian-gcc 3.32.1.2 25.54 111.42 136.96 OK
r-devel-linux-x86_64-fedora-clang 3.32.1.2 225.09 NOTE
r-devel-linux-x86_64-fedora-gcc 3.32.1.2 212.87 OK
r-devel-windows-ix86+x86_64 3.32.1.2 74.00 137.00 211.00 NOTE
r-devel-windows-x86_64-gcc10-UCRT 3.32.1.2 OK
r-patched-linux-x86_64 3.32.1.2 34.38 144.89 179.27 OK
r-patched-solaris-x86 3.32.1.2 12.80 ERROR
r-release-linux-x86_64 3.32.1.2 31.01 136.96 167.97 OK
r-release-macos-x86_64 3.32.1.2 NOTE
r-release-windows-ix86+x86_64 3.32.1.2 57.00 156.00 213.00 NOTE
r-oldrel-macos-x86_64 3.32.1.2 NOTE
r-oldrel-windows-ix86+x86_64 3.32.1.2 57.00 133.00 190.00 NOTE

Check Details

Version: 3.32.1.2
Check: installed package size
Result: NOTE
     installed size is 169.0Mb
     sub-directories of 1Mb or more:
     R 1.3Mb
     java 166.3Mb
Flavors: r-devel-linux-x86_64-fedora-clang, r-devel-windows-ix86+x86_64, r-release-macos-x86_64, r-release-windows-ix86+x86_64, r-oldrel-macos-x86_64, r-oldrel-windows-ix86+x86_64

Version: 3.32.1.2
Check: whether package can be installed
Result: ERROR
    Installation failed.
Flavor: r-patched-solaris-x86