CRAN Package Check Results for Package hackeRnews

Last updated on 2024-03-01 22:53:38 CET.

Flavor Version Tinstall Tcheck Ttotal Status Flags
r-devel-linux-x86_64-debian-clang 0.1.0 2.91 36.60 39.51 NOTE
r-devel-linux-x86_64-debian-gcc 0.1.0 2.03 27.69 29.72 NOTE
r-devel-linux-x86_64-fedora-clang 0.1.0 49.18 NOTE
r-devel-linux-x86_64-fedora-gcc 0.1.0 62.77 NOTE
r-devel-windows-x86_64 0.1.0 4.00 73.00 77.00 NOTE
r-patched-linux-x86_64 0.1.0 3.66 42.26 45.92 NOTE
r-release-linux-x86_64 0.1.0 2.48 36.51 38.99 NOTE
r-release-macos-arm64 0.1.0 41.00 NOTE
r-release-macos-x86_64 0.1.0 58.00 NOTE
r-release-windows-x86_64 0.1.0 5.00 93.00 98.00 NOTE
r-oldrel-macos-arm64 0.1.0 38.00 NOTE
r-oldrel-windows-x86_64 0.1.0 4.00 63.00 67.00 NOTE

Check Details

Version: 0.1.0
Check: LazyData
Result: NOTE 'LazyData' is specified without a 'data' directory Flavors: r-devel-linux-x86_64-debian-clang, r-devel-linux-x86_64-debian-gcc, r-devel-linux-x86_64-fedora-clang, r-devel-linux-x86_64-fedora-gcc, r-devel-windows-x86_64, r-patched-linux-x86_64, r-release-linux-x86_64, r-release-macos-arm64, r-release-macos-x86_64, r-release-windows-x86_64, r-oldrel-macos-arm64, r-oldrel-windows-x86_64