CRAN Package Check Results for Package hadron

Last updated on 2021-06-12 22:55:10 CEST.

Flavor Version Tinstall Tcheck Ttotal Status Flags
r-devel-linux-x86_64-debian-clang 3.1.2 45.72 192.09 237.81 OK
r-devel-linux-x86_64-debian-gcc 3.1.2 34.11 138.67 172.78 OK
r-devel-linux-x86_64-fedora-clang 3.1.2 307.38 OK
r-devel-linux-x86_64-fedora-gcc 3.1.2 306.63 OK
r-devel-windows-x86_64 3.1.2 68.00 250.00 318.00 OK
r-devel-windows-x86_64-gcc10-UCRT 3.1.2 NOTE
r-patched-linux-x86_64 3.1.2 46.53 184.83 231.36 OK
r-patched-solaris-x86 3.1.2 325.70 NOTE
r-release-linux-x86_64 3.1.2 37.66 184.54 222.20 OK
r-release-macos-arm64 3.1.2 NOTE
r-release-macos-x86_64 3.1.2 NOTE
r-release-windows-ix86+x86_64 3.1.2 83.00 294.00 377.00 NOTE
r-oldrel-macos-x86_64 3.1.2 NOTE
r-oldrel-windows-ix86+x86_64 3.1.2 92.00 292.00 384.00 NOTE

Check Details

Version: 3.1.2
Check: package dependencies
Result: NOTE
    Package suggested but not available for checking: 'rhdf5'
Flavor: r-devel-windows-x86_64-gcc10-UCRT

Version: 3.1.2
Check: package dependencies
Result: NOTE
    Package suggested but not available for checking: ‘staplr’
Flavor: r-patched-solaris-x86

Version: 3.1.2
Check: installed package size
Result: NOTE
     installed size is 5.4Mb
     sub-directories of 1Mb or more:
     data 1.3Mb
     libs 1.8Mb
Flavors: r-release-macos-arm64, r-release-macos-x86_64, r-release-windows-ix86+x86_64, r-oldrel-macos-x86_64, r-oldrel-windows-ix86+x86_64