CRAN Package Check Results for Package hal9001

Last updated on 2021-09-20 01:48:43 CEST.

Flavor Version Tinstall Tcheck Ttotal Status Flags
r-devel-linux-x86_64-debian-clang 0.2.7 88.36 142.83 231.19 OK
r-devel-linux-x86_64-debian-gcc 0.2.7 63.12 102.79 165.91 OK
r-devel-linux-x86_64-fedora-clang 0.2.7 319.69 OK
r-devel-linux-x86_64-fedora-gcc 0.2.7 296.09 OK
r-devel-windows-x86_64 0.2.7 89.00 142.00 231.00 OK
r-devel-windows-x86_64-gcc10-UCRT 0.2.7 ERROR
r-patched-linux-x86_64 0.2.7 74.73 135.13 209.86 OK
r-patched-solaris-x86 0.2.7 337.00 OK
r-release-linux-x86_64 0.2.7 77.06 136.55 213.61 OK
r-release-macos-arm64 0.2.7 NOTE
r-release-macos-x86_64 0.2.7 OK
r-release-windows-ix86+x86_64 0.2.7 216.00 201.00 417.00 OK
r-oldrel-macos-x86_64 0.2.7 OK
r-oldrel-windows-ix86+x86_64 0.2.7 215.00 217.00 432.00 OK

Check Details

Version: 0.2.7
Check: whether package can be installed
Result: ERROR
    Installation failed.
Flavor: r-devel-windows-x86_64-gcc10-UCRT

Version: 0.2.7
Check: installed package size
Result: NOTE
     installed size is 5.4Mb
     sub-directories of 1Mb or more:
     libs 5.1Mb
Flavor: r-release-macos-arm64