CRAN Package Check Results for Package hardhat

Last updated on 2021-07-27 01:50:46 CEST.

Flavor Version Tinstall Tcheck Ttotal Status Flags
r-devel-linux-x86_64-debian-clang 0.1.6 5.85 110.40 116.25 OK
r-devel-linux-x86_64-debian-gcc 0.1.6 4.40 83.39 87.79 OK
r-devel-linux-x86_64-fedora-clang 0.1.6 145.17 NOTE
r-devel-linux-x86_64-fedora-gcc 0.1.6 134.91 OK
r-devel-windows-x86_64 0.1.6 10.00 141.00 151.00 OK
r-devel-windows-x86_64-gcc10-UCRT 0.1.5 OK
r-patched-linux-x86_64 0.1.6 7.03 102.81 109.84 OK
r-patched-solaris-x86 0.1.6 178.20 OK
r-release-linux-x86_64 0.1.6 5.79 103.29 109.08 OK
r-release-macos-arm64 0.1.6 OK
r-release-macos-x86_64 0.1.6 OK
r-release-windows-ix86+x86_64 0.1.6 12.00 143.00 155.00 OK
r-oldrel-macos-x86_64 0.1.6 OK
r-oldrel-windows-ix86+x86_64 0.1.6 10.00 143.00 153.00 OK

Check Details

Version: 0.1.6
Check: Rd cross-references
Result: NOTE
    Undeclared package ‘parsnip’ in Rd xrefs
Flavor: r-devel-linux-x86_64-fedora-clang