Last updated on 2023-11-27 23:11:38 CET.
Flavor | Version | Tinstall | Tcheck | Ttotal | Status | Flags |
---|---|---|---|---|---|---|
r-devel-linux-x86_64-debian-clang | 3.0 | 2.46 | 46.73 | 49.19 | OK | |
r-devel-linux-x86_64-debian-gcc | 3.0 | 1.86 | 35.86 | 37.72 | OK | |
r-devel-linux-x86_64-fedora-clang | 3.0 | 60.11 | OK | |||
r-devel-linux-x86_64-fedora-gcc | 3.0 | 70.42 | OK | |||
r-devel-windows-x86_64 | 3.0 | 3.00 | 66.00 | 69.00 | OK | |
r-patched-linux-x86_64 | 3.0 | 2.75 | 45.27 | 48.02 | OK | |
r-release-linux-x86_64 | 3.0 | 2.27 | 45.02 | 47.29 | OK | |
r-release-macos-arm64 | 3.0 | 31.00 | OK | |||
r-release-macos-x86_64 | 3.0 | 46.00 | OK | |||
r-release-windows-x86_64 | 3.0 | 3.00 | 66.00 | 69.00 | ERROR | |
r-oldrel-macos-arm64 | 3.0 | 28.00 | OK | |||
r-oldrel-macos-x86_64 | 3.0 | 39.00 | OK | |||
r-oldrel-windows-x86_64 | 3.0 | 4.00 | 73.00 | 77.00 | OK |
Version: 3.0
Check: re-building of vignette outputs
Result: ERROR
Error(s) in re-building vignettes:
--- re-building 'harmonicmeanp.Rmd' using rmarkdown
Quitting from lines 389-402 [fiddler] (harmonicmeanp.Rmd)
Error: processing vignette 'harmonicmeanp.Rmd' failed with diagnostics:
need finite 'xlim' values
--- failed re-building 'harmonicmeanp.Rmd'
SUMMARY: processing the following file failed:
'harmonicmeanp.Rmd'
Error: Vignette re-building failed.
Execution halted
Flavor: r-release-windows-x86_64