Last updated on 2023-06-08 22:57:03 CEST.
Flavor | Version | Tinstall | Tcheck | Ttotal | Status | Flags |
---|---|---|---|---|---|---|
r-devel-linux-x86_64-debian-clang | 2.2.6.2 | 3.00 | 38.54 | 41.54 | NOTE | |
r-devel-linux-x86_64-debian-gcc | 2.2.6.2 | 2.61 | 29.76 | 32.37 | NOTE | |
r-devel-linux-x86_64-fedora-clang | 2.2.6.2 | 52.98 | NOTE | |||
r-devel-linux-x86_64-fedora-gcc | 2.2.6.2 | 50.64 | NOTE | |||
r-devel-windows-x86_64 | 2.2.6.2 | 12.00 | 53.00 | 65.00 | NOTE | |
r-patched-linux-x86_64 | 2.2.6.2 | 2.99 | 37.44 | 40.43 | NOTE | |
r-release-linux-x86_64 | 2.2.6.2 | 2.75 | 37.34 | 40.09 | NOTE | |
r-release-macos-arm64 | 2.2.6.2 | 21.00 | NOTE | |||
r-release-macos-x86_64 | 2.2.6.2 | 29.00 | NOTE | |||
r-release-windows-x86_64 | 2.2.6.2 | 4.00 | 57.00 | 61.00 | NOTE | |
r-oldrel-macos-arm64 | 2.2.6.2 | 23.00 | OK | |||
r-oldrel-macos-x86_64 | 2.2.6.2 | 28.00 | OK | |||
r-oldrel-windows-x86_64 | 2.2.6.2 | 8.00 | 60.00 | 68.00 | OK |
Version: 2.2.6.2
Check: Rd files
Result: NOTE
checkRd: (-1) hash-accessors.Rd:46: Escaped LaTeX specials: \$
checkRd: (-1) hash-class.Rd:44: Escaped LaTeX specials: \$
checkRd: (-1) hash-class.Rd:45: Escaped LaTeX specials: \$
checkRd: (-1) hash-package.Rd:39: Escaped LaTeX specials: \#
Flavors: r-devel-linux-x86_64-debian-clang, r-devel-linux-x86_64-debian-gcc, r-devel-linux-x86_64-fedora-clang, r-devel-linux-x86_64-fedora-gcc, r-devel-windows-x86_64, r-patched-linux-x86_64, r-release-linux-x86_64, r-release-macos-arm64, r-release-macos-x86_64, r-release-windows-x86_64