Last updated on 2024-04-23 22:55:24 CEST.
Flavor | Version | Tinstall | Tcheck | Ttotal | Status | Flags |
---|---|---|---|---|---|---|
r-devel-linux-x86_64-debian-clang | 1.2.12 | 46.47 | 112.65 | 159.12 | OK | |
r-devel-linux-x86_64-debian-gcc | 1.2.12 | 37.14 | 84.81 | 121.95 | OK | |
r-devel-linux-x86_64-fedora-clang | 1.2.12 | 221.28 | OK | |||
r-devel-linux-x86_64-fedora-gcc | 1.2.12 | 223.74 | OK | |||
r-prerel-macos-arm64 | 1.2.12 | 59.00 | NOTE | |||
r-prerel-windows-x86_64 | 1.2.12 | 38.00 | 113.00 | 151.00 | OK | |
r-patched-linux-x86_64 | 1.2.12 | 42.47 | 108.03 | 150.50 | OK | |
r-release-linux-x86_64 | 1.2.12 | 35.11 | 111.53 | 146.64 | OK | |
r-release-macos-arm64 | 1.2.12 | 60.00 | NOTE | |||
r-release-macos-x86_64 | 1.2.12 | 126.00 | NOTE | |||
r-release-windows-x86_64 | 1.2.12 | 49.00 | 137.00 | 186.00 | OK | |
r-oldrel-macos-arm64 | 1.2.12 | 58.00 | NOTE | |||
r-oldrel-windows-x86_64 | 1.2.12 | 48.00 | 129.00 | 177.00 | OK |
Version: 1.2.12
Check: installed package size
Result: NOTE
installed size is 9.5Mb
sub-directories of 1Mb or more:
libs 9.2Mb
Flavors: r-prerel-macos-arm64, r-release-macos-arm64, r-release-macos-x86_64, r-oldrel-macos-arm64