CRAN Package Check Results for Package hbim

Last updated on 2024-03-02 22:41:55 CET.

Flavor Version Tinstall Tcheck Ttotal Status Flags
r-devel-linux-x86_64-debian-clang 1.1.2 2.39 37.08 39.47 NOTE
r-devel-linux-x86_64-debian-gcc 1.1.2 2.02 28.26 30.28 NOTE
r-devel-linux-x86_64-fedora-clang 1.1.2 51.71 NOTE
r-devel-linux-x86_64-fedora-gcc 1.1.2 64.28 NOTE
r-devel-windows-x86_64 1.1.2 4.00 59.00 63.00 OK
r-patched-linux-x86_64 1.1.2 3.79 36.03 39.82 OK
r-release-linux-x86_64 1.1.2 2.83 35.84 38.67 OK
r-release-macos-arm64 1.1.2 29.00 OK
r-release-macos-x86_64 1.1.2 71.00 OK
r-release-windows-x86_64 1.1.2 5.00 59.00 64.00 OK
r-oldrel-macos-arm64 1.1.2 26.00 OK
r-oldrel-windows-x86_64 1.1.2 6.00 64.00 70.00 OK

Check Details

Version: 1.1.2
Check: Rd files
Result: NOTE checkRd: (-1) deff.sigma.Rd:28: Lost braces in \itemize; meant \describe ? checkRd: (-1) deff.sigma.Rd:29: Lost braces in \itemize; meant \describe ? checkRd: (-1) deff.sigma.Rd:30: Lost braces in \itemize; meant \describe ? checkRd: (-1) deff.sigma.Rd:31: Lost braces in \itemize; meant \describe ? checkRd: (-1) deff.sigma.Rd:32: Lost braces in \itemize; meant \describe ? checkRd: (-1) deff.sigma.Rd:33: Lost braces in \itemize; meant \describe ? checkRd: (-1) deff.sigma.Rd:34: Lost braces in \itemize; meant \describe ? checkRd: (-1) deff.sigma.Rd:35: Lost braces in \itemize; meant \describe ? Flavors: r-devel-linux-x86_64-debian-clang, r-devel-linux-x86_64-debian-gcc, r-devel-linux-x86_64-fedora-clang, r-devel-linux-x86_64-fedora-gcc