Last updated on 2023-11-28 23:04:36 CET.
Flavor | Version | Tinstall | Tcheck | Ttotal | Status | Flags |
---|---|---|---|---|---|---|
r-devel-linux-x86_64-debian-clang | 3.4 | 6.69 | 49.77 | 56.46 | OK | |
r-devel-linux-x86_64-debian-gcc | 3.4 | 5.51 | 37.39 | 42.90 | OK | |
r-devel-linux-x86_64-fedora-clang | 3.4 | 70.69 | OK | |||
r-devel-linux-x86_64-fedora-gcc | 3.4 | 68.58 | OK | |||
r-devel-windows-x86_64 | 3.4 | 9.00 | 66.00 | 75.00 | NOTE | |
r-patched-linux-x86_64 | 3.4 | 6.09 | 49.56 | 55.65 | OK | |
r-release-linux-x86_64 | 3.4 | 5.35 | 49.38 | 54.73 | OK | |
r-release-macos-arm64 | 3.4 | 26.00 | OK | |||
r-release-macos-x86_64 | 3.4 | 37.00 | OK | |||
r-release-windows-x86_64 | 3.4 | 13.00 | 71.00 | 84.00 | NOTE | |
r-oldrel-macos-arm64 | 3.4 | 26.00 | OK | |||
r-oldrel-macos-x86_64 | 3.4 | 32.00 | OK | |||
r-oldrel-windows-x86_64 | 3.4 | 10.00 | 70.00 | 80.00 | OK |
Version: 3.4
Check: C++ specification
Result: NOTE
Specified C++11: please drop specification unless essential
Flavors: r-devel-windows-x86_64, r-release-windows-x86_64