CRAN Package Check Results for Package healthyR.ai

Last updated on 2021-12-08 22:57:38 CET.

Flavor Version Tinstall Tcheck Ttotal Status Flags
r-devel-linux-x86_64-debian-clang 0.0.3 14.18 159.50 173.68 OK
r-devel-linux-x86_64-debian-gcc 0.0.3 11.22 115.70 126.92 OK
r-devel-linux-x86_64-fedora-clang 0.0.3 204.33 NOTE
r-devel-linux-x86_64-fedora-gcc 0.0.3 197.34 NOTE
r-devel-windows-x86_64-new-UL 0.0.3 28.00 201.00 229.00 OK
r-devel-windows-x86_64-new-TK 0.0.3 NOTE
r-devel-windows-x86_64-old 0.0.3 22.00 185.00 207.00 OK
r-patched-linux-x86_64 0.0.3 13.61 147.93 161.54 OK
r-release-linux-x86_64 0.0.3 11.46 147.81 159.27 OK
r-release-macos-arm64 0.0.3 NOTE
r-release-macos-x86_64 0.0.3 NOTE
r-release-windows-ix86+x86_64 0.0.3 25.00 175.00 200.00 OK
r-oldrel-macos-x86_64 0.0.3 NOTE
r-oldrel-windows-ix86+x86_64 0.0.3 34.00 185.00 219.00 OK

Check Details

Version: 0.0.3
Check: dependencies in R code
Result: NOTE
    Namespaces in Imports field not imported from:
     ‘parsnip’ ‘rsample’
     All declared Imports should be used.
Flavors: r-devel-linux-x86_64-fedora-clang, r-devel-linux-x86_64-fedora-gcc, r-devel-windows-x86_64-new-TK, r-release-macos-arm64, r-release-macos-x86_64, r-oldrel-macos-x86_64