Last updated on 2023-11-27 23:11:39 CET.
Flavor | Version | Tinstall | Tcheck | Ttotal | Status | Flags |
---|---|---|---|---|---|---|
r-devel-linux-x86_64-debian-clang | 1.0.3 | 23.77 | 38.12 | 61.89 | OK | |
r-devel-linux-x86_64-debian-gcc | 1.0.3 | 22.95 | 31.30 | 54.25 | OK | |
r-devel-linux-x86_64-fedora-clang | 1.0.3 | 76.95 | OK | |||
r-devel-linux-x86_64-fedora-gcc | 1.0.3 | 73.98 | OK | |||
r-devel-windows-x86_64 | 1.0.3 | 22.00 | 54.00 | 76.00 | OK | |
r-patched-linux-x86_64 | 1.0.3 | 20.50 | 37.03 | 57.53 | OK | |
r-release-linux-x86_64 | 1.0.3 | 15.75 | 37.08 | 52.83 | OK | |
r-release-macos-arm64 | 1.0.3 | 42.00 | OK | |||
r-release-macos-x86_64 | 1.0.3 | 69.00 | NOTE | |||
r-release-windows-x86_64 | 1.0.3 | 28.00 | 57.00 | 85.00 | OK | |
r-oldrel-macos-arm64 | 1.0.3 | 40.00 | OK | |||
r-oldrel-macos-x86_64 | 1.0.3 | 43.00 | OK | |||
r-oldrel-windows-x86_64 | 1.0.3 | 28.00 | 59.00 | 87.00 | OK |
Version: 1.0.3
Check: installed package size
Result: NOTE
installed size is 5.2Mb
sub-directories of 1Mb or more:
data 4.9Mb
Flavor: r-release-macos-x86_64