Last updated on 2022-07-05 22:50:24 CEST.
Flavor | Version | Tinstall | Tcheck | Ttotal | Status | Flags |
---|---|---|---|---|---|---|
r-devel-linux-x86_64-debian-clang | 0.2.0 | 19.93 | 229.73 | 249.66 | OK | |
r-devel-linux-x86_64-debian-gcc | 0.2.0 | 17.65 | 164.81 | 182.46 | OK | |
r-devel-linux-x86_64-fedora-clang | 0.2.0 | 317.19 | NOTE | |||
r-devel-linux-x86_64-fedora-gcc | 0.2.0 | 326.46 | OK | |||
r-devel-windows-x86_64 | 0.2.0 | 108.00 | 268.00 | 376.00 | NOTE | |
r-patched-linux-x86_64 | 0.2.0 | 22.82 | 209.60 | 232.42 | OK | |
r-release-linux-x86_64 | 0.2.0 | 14.69 | 213.67 | 228.36 | OK | |
r-release-macos-arm64 | 0.2.0 | 82.00 | NOTE | |||
r-release-macos-x86_64 | 0.2.0 | 110.00 | NOTE | |||
r-release-windows-x86_64 | 0.2.0 | 134.00 | 272.00 | 406.00 | NOTE | |
r-oldrel-macos-arm64 | 0.2.0 | 79.00 | NOTE | |||
r-oldrel-macos-x86_64 | 0.2.0 | 107.00 | NOTE | |||
r-oldrel-windows-ix86+x86_64 | 0.2.0 | 45.00 | 264.00 | 309.00 | NOTE |
Version: 0.2.0
Check: installed package size
Result: NOTE
installed size is 5.8Mb
sub-directories of 1Mb or more:
doc 5.1Mb
Flavors: r-devel-linux-x86_64-fedora-clang, r-devel-windows-x86_64, r-release-macos-arm64, r-release-macos-x86_64, r-release-windows-x86_64, r-oldrel-macos-arm64, r-oldrel-macos-x86_64, r-oldrel-windows-ix86+x86_64