CRAN Package Check Results for Package helminthR

Last updated on 2021-07-22 22:52:05 CEST.

Flavor Version Tinstall Tcheck Ttotal Status Flags
r-devel-linux-x86_64-debian-clang 1.0.8 3.43 40.60 44.03 OK
r-devel-linux-x86_64-debian-gcc 1.0.8 0.34 2.13 2.47 ERROR
r-devel-linux-x86_64-fedora-clang 1.0.8 11.71 ERROR
r-devel-linux-x86_64-fedora-gcc 1.0.8 2.86 ERROR
r-devel-windows-x86_64 1.0.8 6.00 54.00 60.00 OK
r-devel-windows-x86_64-gcc10-UCRT 1.0.8 NOTE
r-patched-linux-x86_64 1.0.8 OK
r-patched-solaris-x86 1.0.8 78.30 NOTE
r-release-linux-x86_64 1.0.8 3.32 40.94 44.26 OK
r-release-macos-arm64 1.0.8 NOTE
r-release-macos-x86_64 1.0.8 NOTE
r-release-windows-ix86+x86_64 1.0.8 10.00 52.00 62.00 OK
r-oldrel-macos-x86_64 1.0.8 NOTE
r-oldrel-windows-ix86+x86_64 1.0.8 12.00 62.00 74.00 OK

Check Details

Version: 1.0.8
Check: package dependencies
Result: ERROR
    Package required but not available: ‘taxize’
    
    See section ‘The DESCRIPTION file’ in the ‘Writing R Extensions’
    manual.
Flavors: r-devel-linux-x86_64-debian-gcc, r-devel-linux-x86_64-fedora-clang, r-devel-linux-x86_64-fedora-gcc

Version: 1.0.8
Check: dependencies in R code
Result: NOTE
    Namespace in Imports field not imported from: 'knitr'
     All declared Imports should be used.
Flavors: r-devel-windows-x86_64-gcc10-UCRT, r-patched-solaris-x86, r-release-macos-arm64, r-release-macos-x86_64, r-oldrel-macos-x86_64