CRAN Package Check Results for Package hesim

Last updated on 2021-12-07 22:59:32 CET.

Flavor Version Tinstall Tcheck Ttotal Status Flags
r-devel-linux-x86_64-debian-clang 0.5.1 329.63 412.07 741.70 OK
r-devel-linux-x86_64-debian-gcc 0.5.1 273.35 283.48 556.83 OK
r-devel-linux-x86_64-fedora-clang 0.5.1 994.49 NOTE
r-devel-linux-x86_64-fedora-gcc 0.5.1 954.97 NOTE
r-devel-windows-x86_64-new-UL 0.5.1 431.00 563.00 994.00 NOTE
r-devel-windows-x86_64-new-TK 0.5.1 NOTE
r-devel-windows-x86_64-old 0.5.1 433.00 499.00 932.00 NOTE
r-patched-linux-x86_64 0.5.1 324.93 383.61 708.54 OK
r-release-linux-x86_64 0.5.1 316.67 390.04 706.71 OK
r-release-macos-arm64 0.5.1 NOTE
r-release-macos-x86_64 0.5.1 NOTE
r-release-windows-ix86+x86_64 0.5.1 602.00 617.00 1219.00 NOTE
r-oldrel-macos-x86_64 0.5.1 NOTE
r-oldrel-windows-ix86+x86_64 0.5.1 834.00 631.00 1465.00 NOTE

Check Details

Version: 0.5.1
Check: installed package size
Result: NOTE
     installed size is 25.0Mb
     sub-directories of 1Mb or more:
     doc 2.2Mb
     libs 20.9Mb
Flavors: r-devel-linux-x86_64-fedora-clang, r-devel-windows-x86_64-new-UL, r-devel-windows-x86_64-old, r-release-macos-arm64, r-release-macos-x86_64, r-release-windows-ix86+x86_64, r-oldrel-macos-x86_64, r-oldrel-windows-ix86+x86_64

Version: 0.5.1
Check: dependencies in R code
Result: NOTE
    Namespace in Imports field not imported from: ‘R6’
     All declared Imports should be used.
Flavors: r-devel-linux-x86_64-fedora-clang, r-devel-linux-x86_64-fedora-gcc, r-devel-windows-x86_64-new-TK, r-release-macos-arm64, r-release-macos-x86_64, r-oldrel-macos-x86_64