Last updated on 2024-03-28 23:01:46 CET.
Flavor | Version | Tinstall | Tcheck | Ttotal | Status | Flags |
---|---|---|---|---|---|---|
r-devel-linux-x86_64-debian-clang | 0.5.4 | 389.56 | 422.17 | 811.73 | OK | |
r-devel-linux-x86_64-debian-gcc | 0.5.4 | 316.64 | 334.95 | 651.59 | OK | |
r-devel-linux-x86_64-fedora-clang | 0.5.4 | 1108.06 | NOTE | |||
r-devel-linux-x86_64-fedora-gcc | 0.5.4 | 1160.47 | NOTE | |||
r-devel-windows-x86_64 | 0.5.4 | 296.00 | 420.00 | 716.00 | NOTE | |
r-patched-linux-x86_64 | 0.5.4 | 308.41 | 434.64 | 743.05 | OK | |
r-release-linux-x86_64 | 0.5.4 | 294.23 | 431.95 | 726.18 | OK | |
r-release-macos-arm64 | 0.5.4 | 265.00 | NOTE | |||
r-release-macos-x86_64 | 0.5.4 | 509.00 | NOTE | |||
r-release-windows-x86_64 | 0.5.4 | 369.00 | 516.00 | 885.00 | NOTE | |
r-oldrel-macos-arm64 | 0.5.4 | 257.00 | NOTE | |||
r-oldrel-windows-x86_64 | 0.5.4 | 359.00 | 506.00 | 865.00 | NOTE |
Version: 0.5.4
Check: installed package size
Result: NOTE
installed size is 6.2Mb
sub-directories of 1Mb or more:
doc 2.2Mb
libs 2.1Mb
Flavors: r-devel-linux-x86_64-fedora-clang, r-devel-windows-x86_64, r-release-macos-arm64, r-release-macos-x86_64, r-release-windows-x86_64, r-oldrel-macos-arm64, r-oldrel-windows-x86_64
Version: 0.5.4
Check: dependencies in R code
Result: NOTE
Namespace in Imports field not imported from: ‘R6’
All declared Imports should be used.
Flavors: r-devel-linux-x86_64-fedora-clang, r-devel-linux-x86_64-fedora-gcc