CRAN Package Check Results for Package hetGP

Last updated on 2021-07-22 22:52:05 CEST.

Flavor Version Tinstall Tcheck Ttotal Status Flags
r-devel-linux-x86_64-debian-clang 1.1.4 89.16 150.55 239.71 OK --no-vignettes
r-devel-linux-x86_64-debian-gcc 1.1.4 55.29 104.86 160.15 OK --no-vignettes
r-devel-linux-x86_64-fedora-clang 1.1.4 311.99 OK --no-vignettes
r-devel-linux-x86_64-fedora-gcc 1.1.4 278.14 OK --no-vignettes
r-devel-windows-x86_64 1.1.4 78.00 133.00 211.00 OK --no-vignettes
r-devel-windows-x86_64-gcc10-UCRT 1.1.4 OK --no-vignettes
r-patched-linux-x86_64 1.1.4 OK --no-vignettes
r-patched-solaris-x86 1.1.4 324.20 OK --no-vignettes
r-release-linux-x86_64 1.1.4 67.11 144.17 211.28 OK --no-vignettes
r-release-macos-arm64 1.1.3 FAIL
r-release-macos-x86_64 1.1.4 OK
r-release-windows-ix86+x86_64 1.1.4 186.00 205.00 391.00 OK --no-vignettes
r-oldrel-macos-x86_64 1.1.4 OK
r-oldrel-windows-ix86+x86_64 1.1.4 178.00 257.00 435.00 OK --no-vignettes

Check Details

Version: 1.1.3
Check: re-building of vignette outputs
Result: WARN
    Error(s) in re-building vignettes:
     ...
    --- re-building ‘hetGP_vignette.Rnw’ using knitr
    
    Execution halted
Flavor: r-release-macos-arm64

Version: 1.1.3
Check: PDF version of manual
Result: FAIL
Flavor: r-release-macos-arm64