Last updated on 2023-01-30 22:57:12 CET.
Flavor | Version | Tinstall | Tcheck | Ttotal | Status | Flags |
---|---|---|---|---|---|---|
r-devel-linux-x86_64-debian-clang | 0.1.1 | 13.27 | 313.21 | 326.48 | OK | |
r-devel-linux-x86_64-debian-gcc | 0.1.1 | 9.44 | 223.95 | 233.39 | OK | |
r-devel-linux-x86_64-fedora-clang | 0.1.1 | 378.49 | NOTE | |||
r-devel-linux-x86_64-fedora-gcc | 0.1.1 | 384.12 | NOTE | |||
r-devel-windows-x86_64 | 0.1.1 | 32.00 | 379.00 | 411.00 | OK | |
r-patched-linux-x86_64 | 0.1.1 | 11.52 | 288.53 | 300.05 | OK | |
r-release-linux-x86_64 | 0.1.1 | 8.35 | 292.44 | 300.79 | OK | |
r-release-macos-arm64 | 0.1.1 | 142.00 | NOTE | |||
r-release-macos-x86_64 | 0.1.1 | 206.00 | NOTE | |||
r-release-windows-x86_64 | 0.1.1 | 39.00 | 396.00 | 435.00 | OK | |
r-oldrel-macos-arm64 | 0.1.1 | 148.00 | NOTE | |||
r-oldrel-macos-x86_64 | 0.1.1 | 204.00 | NOTE | |||
r-oldrel-windows-ix86+x86_64 | 0.1.1 | 27.00 | 349.00 | 376.00 | OK |
Version: 0.1.1
Check: dependencies in R code
Result: NOTE
Namespaces in Imports field not imported from:
‘dplyr’ ‘purrr’ ‘tidyverse’
All declared Imports should be used.
Flavors: r-devel-linux-x86_64-fedora-clang, r-devel-linux-x86_64-fedora-gcc, r-release-macos-arm64, r-release-macos-x86_64, r-oldrel-macos-arm64, r-oldrel-macos-x86_64