CRAN Package Check Results for Package hexbin

Last updated on 2021-09-22 22:56:27 CEST.

Flavor Version Tinstall Tcheck Ttotal Status Flags
r-devel-linux-x86_64-debian-clang 1.28.2 10.59 74.40 84.99 OK
r-devel-linux-x86_64-debian-gcc 1.28.2 7.84 57.98 65.82 OK
r-devel-linux-x86_64-fedora-clang 1.28.2 108.87 OK
r-devel-linux-x86_64-fedora-gcc 1.28.2 98.16 OK
r-devel-windows-x86_64 1.28.2 16.00 74.00 90.00 OK
r-devel-windows-x86_64-gcc10-UCRT 1.28.2 ERROR
r-patched-linux-x86_64 1.28.2 10.55 70.81 81.36 OK
r-patched-solaris-x86 1.28.2 132.90 OK
r-release-linux-x86_64 1.28.2 8.32 70.69 79.01 OK
r-release-macos-arm64 1.28.2 NOTE
r-release-macos-x86_64 1.28.2 OK
r-release-windows-ix86+x86_64 1.28.2 24.00 88.00 112.00 OK
r-oldrel-macos-x86_64 1.28.2 OK
r-oldrel-windows-ix86+x86_64 1.28.2 33.00 90.00 123.00 OK

Check Details

Version: 1.28.2
Check: whether package can be installed
Result: ERROR
    Installation failed.
Flavor: r-devel-windows-x86_64-gcc10-UCRT

Version: 1.28.2
Check: package dependencies
Result: NOTE
    Package suggested but not available for checking: ‘marray’
Flavor: r-release-macos-arm64