CRAN Package Check Results for Package hgm

Last updated on 2024-07-20 21:56:05 CEST.

Flavor Version Tinstall Tcheck Ttotal Status Flags
r-devel-linux-x86_64-debian-clang 1.23 14.56 28.85 43.41 NOTE
r-devel-linux-x86_64-debian-gcc 1.23 13.78 22.22 36.00 NOTE
r-devel-linux-x86_64-fedora-clang 1.23 53.74 NOTE
r-devel-linux-x86_64-fedora-gcc 1.23 59.31 NOTE
r-devel-windows-x86_64 1.23 21.00 50.00 71.00 NOTE
r-patched-linux-x86_64 1.23 17.27 28.41 45.68 NOTE
r-release-linux-x86_64 1.23 15.03 27.56 42.59 NOTE
r-release-macos-arm64 1.23 20.00 NOTE
r-release-macos-x86_64 1.23 27.00 NOTE
r-release-windows-x86_64 1.23 22.00 48.00 70.00 NOTE
r-oldrel-macos-arm64 1.23 23.00 OK
r-oldrel-macos-x86_64 1.23 31.00 OK
r-oldrel-windows-x86_64 1.23 23.00 47.00 70.00 OK

Check Details

Version: 1.23
Check: Rd files
Result: NOTE checkRd: (-1) hgm.Rhgm.Rd:32: Lost braces; missing escapes or markup? 32 | If time = NULL, the set {0,1} is used, and only the final value is returned. | ^ checkRd: (-1) hgm.Rhgm.Rd:48: Lost braces; missing escapes or markup? 48 | d G_j / d th_i = (dG.fun(th, G))_{i,j} | ^ checkRd: (-1) hgm.se.hgm.Bingham.Rd:32: Lost braces; missing escapes or markup? 32 | If time = NULL, the set {0,1} is used, and only the final value is returned. | ^ checkRd: (-1) hgm.so3nc.Rd:22: Lost braces; missing escapes or markup? 22 | Theta=diag(theta_{ii}) of the Fisher distribution on SO(3). | ^ checkRd: (-1) hgm.so3nc.Rd:24: Lost braces; missing escapes or markup? 24 | theta_{11}, theta_{22}, theta_{33} respectively. | ^ checkRd: (-1) hgm.so3nc.Rd:24: Lost braces; missing escapes or markup? 24 | theta_{11}, theta_{22}, theta_{33} respectively. | ^ checkRd: (-1) hgm.so3nc.Rd:24: Lost braces; missing escapes or markup? 24 | theta_{11}, theta_{22}, theta_{33} respectively. | ^ checkRd: (-1) hgm.so3nc.Rd:54: Lost braces; missing escapes or markup? 54 | The output is an array of c(Theta) and its derivatives with respect to Theta_{11},Theta_{22},Theta_{33}. It is the vector C of the reference below. When log=1, the output is an array of log of them. | ^ checkRd: (-1) hgm.so3nc.Rd:54: Lost braces; missing escapes or markup? 54 | The output is an array of c(Theta) and its derivatives with respect to Theta_{11},Theta_{22},Theta_{33}. It is the vector C of the reference below. When log=1, the output is an array of log of them. | ^ checkRd: (-1) hgm.so3nc.Rd:54: Lost braces; missing escapes or markup? 54 | The output is an array of c(Theta) and its derivatives with respect to Theta_{11},Theta_{22},Theta_{33}. It is the vector C of the reference below. When log=1, the output is an array of log of them. | ^ Flavors: r-devel-linux-x86_64-debian-clang, r-devel-linux-x86_64-debian-gcc, r-devel-linux-x86_64-fedora-clang, r-devel-linux-x86_64-fedora-gcc, r-devel-windows-x86_64, r-patched-linux-x86_64, r-release-linux-x86_64, r-release-macos-arm64, r-release-macos-x86_64, r-release-windows-x86_64