CRAN Package Check Results for Package hhcartr

Last updated on 2021-12-04 22:59:36 CET.

Flavor Version Tinstall Tcheck Ttotal Status Flags
r-devel-linux-x86_64-debian-clang 1.0.0 9.27 388.28 397.55 OK
r-devel-linux-x86_64-debian-gcc 1.0.0 7.21 255.92 263.13 OK
r-devel-linux-x86_64-fedora-clang 1.0.0 436.21 NOTE
r-devel-linux-x86_64-fedora-gcc 1.0.0 431.04 NOTE
r-devel-windows-x86_64-new-UL 1.0.0 27.00 412.00 439.00 OK
r-devel-windows-x86_64-new-TK 1.0.0 NOTE
r-devel-windows-x86_64-old 1.0.0 15.00 321.00 336.00 OK
r-patched-linux-x86_64 1.0.0 10.77 354.59 365.36 OK
r-release-linux-x86_64 1.0.0 8.02 351.27 359.29 OK
r-release-macos-arm64 1.0.0 NOTE
r-release-macos-x86_64 1.0.0 WARN
r-release-windows-ix86+x86_64 1.0.0 20.00 447.00 467.00 OK
r-oldrel-macos-x86_64 1.0.0 WARN
r-oldrel-windows-ix86+x86_64 1.0.0 20.00 432.00 452.00 OK

Check Details

Version: 1.0.0
Check: dependencies in R code
Result: NOTE
    Namespaces in Imports field not imported from:
     ‘DiagrammeRsvg’ ‘Matrix’ ‘bookdown’ ‘captioner’ ‘rsvg’
     All declared Imports should be used.
Flavors: r-devel-linux-x86_64-fedora-clang, r-devel-linux-x86_64-fedora-gcc, r-devel-windows-x86_64-new-TK, r-release-macos-arm64, r-release-macos-x86_64, r-oldrel-macos-x86_64

Version: 1.0.0
Check: re-building of vignette outputs
Result: WARN
    Error(s) in re-building vignettes:
     ...
    --- re-building ‘hhcartr.Rmd’ using rmarkdown
    Warning in engine$weave(file, quiet = quiet, encoding = enc) :
     Pandoc (>= 1.12.3) not available. Falling back to R Markdown v1.
    Quitting from lines 375-379 (hhcartr.Rmd)
    Error: processing vignette 'hhcartr.Rmd' failed with diagnostics:
    invalid 'path' argument
    --- failed re-building ‘hhcartr.Rmd’
    
    SUMMARY: processing the following file failed:
     ‘hhcartr.Rmd’
    
    Error: Vignette re-building failed.
    Execution halted
Flavors: r-release-macos-x86_64, r-oldrel-macos-x86_64