CRAN Package Check Results for Package hhh4contacts

Last updated on 2021-12-02 22:55:55 CET.

Flavor Version Tinstall Tcheck Ttotal Status Flags
r-devel-linux-x86_64-debian-clang 0.13.1 11.31 101.85 113.16 OK
r-devel-linux-x86_64-debian-gcc 0.13.1 9.59 78.08 87.67 OK
r-devel-linux-x86_64-fedora-clang 0.13.1 144.41 NOTE
r-devel-linux-x86_64-fedora-gcc 0.13.1 134.18 OK
r-devel-windows-x86_64-new-UL 0.13.1 20.00 138.00 158.00 OK
r-devel-windows-x86_64-new-TK 0.13.1 OK
r-devel-windows-x86_64-old 0.13.1 16.00 96.00 112.00 OK
r-patched-linux-x86_64 0.13.1 18.11 94.48 112.59 OK
r-patched-solaris-x86 0.13.1 194.90 OK
r-release-linux-x86_64 0.13.1 10.65 94.22 104.87 OK
r-release-macos-arm64 0.13.1 OK
r-release-macos-x86_64 0.13.1 OK
r-release-windows-ix86+x86_64 0.13.1 24.00 126.00 150.00 OK
r-oldrel-macos-x86_64 0.13.1 OK
r-oldrel-windows-ix86+x86_64 0.13.1 27.00 126.00 153.00 OK

Check Details

Version: 0.13.1
Check: Rd cross-references
Result: NOTE
    Undeclared packages ‘sp’, ‘rgeos’ in Rd xrefs
Flavor: r-devel-linux-x86_64-fedora-clang