CRAN Package Check Results for Package hht

Last updated on 2024-03-01 22:53:39 CET.

Flavor Version Tinstall Tcheck Ttotal Status Flags
r-devel-linux-x86_64-debian-clang 2.1.6 4.80 45.03 49.83 NOTE
r-devel-linux-x86_64-debian-gcc 2.1.6 3.00 33.80 36.80 NOTE
r-devel-linux-x86_64-fedora-clang 2.1.6 61.25 NOTE
r-devel-linux-x86_64-fedora-gcc 2.1.6 60.70 NOTE
r-devel-windows-x86_64 2.1.6 5.00 58.00 63.00 OK
r-patched-linux-x86_64 2.1.6 5.72 44.43 50.15 OK
r-release-linux-x86_64 2.1.6 3.84 44.16 48.00 OK
r-release-macos-arm64 2.1.6 23.00 OK
r-release-macos-x86_64 2.1.6 34.00 OK
r-release-windows-x86_64 2.1.6 6.00 63.00 69.00 OK
r-oldrel-macos-arm64 2.1.6 21.00 OK
r-oldrel-windows-x86_64 2.1.6 7.00 110.00 117.00 OK

Check Details

Version: 2.1.6
Check: Rd files
Result: NOTE checkRd: (-1) EvolutiveFFT.Rd:22: Lost braces in \itemize; meant \describe ? checkRd: (-1) EvolutiveFFT.Rd:23: Lost braces in \itemize; meant \describe ? checkRd: (-1) EvolutiveFFT.Rd:24: Lost braces in \itemize; meant \describe ? checkRd: (-1) FTGramImage.Rd:33: Lost braces in \itemize; meant \describe ? checkRd: (-1) FTGramImage.Rd:34: Lost braces in \itemize; meant \describe ? checkRd: (-1) FTGramImage.Rd:35: Lost braces in \itemize; meant \describe ? checkRd: (-1) FTGramImage.Rd:36: Lost braces in \itemize; meant \describe ? checkRd: (-1) FTGramImage.Rd:37: Lost braces in \itemize; meant \describe ? checkRd: (-1) FTGramImage.Rd:38: Lost braces in \itemize; meant \describe ? checkRd: (-1) FTGramImage.Rd:39: Lost braces in \itemize; meant \describe ? checkRd: (-1) FTGramImage.Rd:40: Lost braces in \itemize; meant \describe ? checkRd: (-1) FTGramImage.Rd:41: Lost braces in \itemize; meant \describe ? checkRd: (-1) FTGramImage.Rd:42: Lost braces in \itemize; meant \describe ? checkRd: (-1) HHGramImage.Rd:34: Lost braces in \itemize; meant \describe ? checkRd: (-1) HHGramImage.Rd:35: Lost braces in \itemize; meant \describe ? checkRd: (-1) HHGramImage.Rd:36: Lost braces in \itemize; meant \describe ? checkRd: (-1) HHGramImage.Rd:37: Lost braces in \itemize; meant \describe ? checkRd: (-1) HHGramImage.Rd:38: Lost braces in \itemize; meant \describe ? checkRd: (-1) HHGramImage.Rd:39: Lost braces in \itemize; meant \describe ? checkRd: (-1) HHGramImage.Rd:40: Lost braces in \itemize; meant \describe ? checkRd: (-1) HHGramImage.Rd:41: Lost braces in \itemize; meant \describe ? checkRd: (-1) HHGramImage.Rd:42: Lost braces in \itemize; meant \describe ? checkRd: (-1) HHGramImage.Rd:43: Lost braces in \itemize; meant \describe ? checkRd: (-1) HHSpecPlot.Rd:24: Lost braces in \itemize; meant \describe ? checkRd: (-1) HHSpecPlot.Rd:25: Lost braces in \itemize; meant \describe ? checkRd: (-1) HHSpecPlot.Rd:26: Lost braces in \itemize; meant \describe ? checkRd: (-1) HHSpecPlot.Rd:27: Lost braces in \itemize; meant \describe ? checkRd: (-1) HHSpecPlot.Rd:28: Lost braces in \itemize; meant \describe ? checkRd: (-1) HHSpecPlot.Rd:29: Lost braces in \itemize; meant \describe ? checkRd: (-1) HHSpecPlot.Rd:30: Lost braces in \itemize; meant \describe ? checkRd: (-1) HHSpecPlot.Rd:31: Lost braces in \itemize; meant \describe ? checkRd: (-1) HHSpecPlot.Rd:32: Lost braces in \itemize; meant \describe ? checkRd: (-1) HHSpecPlot.Rd:33: Lost braces in \itemize; meant \describe ? checkRd: (-1) HHSpecPlot.Rd:34: Lost braces in \itemize; meant \describe ? checkRd: (-1) HHSpecPlot.Rd:35: Lost braces in \itemize; meant \describe ? checkRd: (-1) HHSpecPlot.Rd:36: Lost braces in \itemize; meant \describe ? Flavors: r-devel-linux-x86_64-debian-clang, r-devel-linux-x86_64-debian-gcc, r-devel-linux-x86_64-fedora-clang, r-devel-linux-x86_64-fedora-gcc