Last updated on 2023-09-28 23:08:48 CEST.
Flavor | Version | Tinstall | Tcheck | Ttotal | Status | Flags |
---|---|---|---|---|---|---|
r-devel-linux-x86_64-debian-clang | 3.0.0 | 239.07 | 100.11 | 339.18 | OK | |
r-devel-linux-x86_64-debian-gcc | 3.0.0 | 169.08 | 73.91 | 242.99 | OK | |
r-devel-linux-x86_64-fedora-clang | 3.0.0 | 461.76 | OK | |||
r-devel-linux-x86_64-fedora-gcc | 3.0.0 | 482.72 | OK | |||
r-devel-windows-x86_64 | 3.0.0 | 178.00 | 113.00 | 291.00 | OK | |
r-patched-linux-x86_64 | 3.0.0 | 223.04 | 92.35 | 315.39 | OK | |
r-release-linux-x86_64 | 3.0.0 | 236.85 | 96.09 | 332.94 | OK | |
r-release-macos-arm64 | 3.0.0 | 99.00 | NOTE | |||
r-release-macos-x86_64 | 3.0.0 | 145.00 | NOTE | |||
r-release-windows-x86_64 | 3.0.0 | 229.00 | 135.00 | 364.00 | OK | |
r-oldrel-macos-arm64 | 3.0.0 | 85.00 | NOTE | |||
r-oldrel-macos-x86_64 | 3.0.0 | 138.00 | NOTE | |||
r-oldrel-windows-x86_64 | 3.0.0 | 213.00 | 125.00 | 338.00 | OK |
Version: 3.0.0
Check: installed package size
Result: NOTE
installed size is 10.8Mb
sub-directories of 1Mb or more:
libs 10.4Mb
Flavors: r-release-macos-arm64, r-release-macos-x86_64, r-oldrel-macos-arm64, r-oldrel-macos-x86_64