CRAN Package Check Results for Package hierarchicalDS

Last updated on 2021-12-06 21:51:16 CET.

Flavor Version Tinstall Tcheck Ttotal Status Flags
r-devel-linux-x86_64-debian-clang 3.0 17.52 123.68 141.20 OK
r-devel-linux-x86_64-debian-gcc 3.0 14.82 93.51 108.33 OK
r-devel-linux-x86_64-fedora-clang 3.0 169.30 NOTE
r-devel-linux-x86_64-fedora-gcc 3.0 154.20 NOTE
r-devel-windows-x86_64-new-UL 3.0 32.00 144.00 176.00 OK
r-devel-windows-x86_64-new-TK 3.0 NOTE
r-devel-windows-x86_64-old 3.0 29.00 98.00 127.00 OK
r-patched-linux-x86_64 3.0 17.79 107.17 124.96 OK
r-release-linux-x86_64 3.0 17.51 115.58 133.09 OK
r-release-macos-arm64 3.0 NOTE
r-release-macos-x86_64 3.0 NOTE
r-release-windows-ix86+x86_64 3.0 32.00 133.00 165.00 OK
r-oldrel-macos-x86_64 3.0 NOTE
r-oldrel-windows-ix86+x86_64 3.0 37.00 146.00 183.00 OK

Check Details

Version: 3.0
Check: dependencies in R code
Result: NOTE
    Namespace in Imports field not imported from: ‘MCMCpack’
     All declared Imports should be used.
Flavors: r-devel-linux-x86_64-fedora-clang, r-devel-linux-x86_64-fedora-gcc, r-devel-windows-x86_64-new-TK, r-release-macos-arm64, r-release-macos-x86_64, r-oldrel-macos-x86_64