CRAN Package Check Results for Package hierarchicalDS

Last updated on 2019-10-16 22:55:59 CEST.

Flavor Version Tinstall Tcheck Ttotal Status Flags
r-devel-linux-x86_64-debian-clang 3.0 16.46 88.87 105.33 OK
r-devel-linux-x86_64-debian-gcc 3.0 14.27 69.51 83.78 OK
r-devel-linux-x86_64-fedora-clang 3.0 125.08 NOTE
r-devel-linux-x86_64-fedora-gcc 3.0 123.31 NOTE
r-devel-windows-ix86+x86_64 3.0 38.00 87.00 125.00 OK
r-patched-linux-x86_64 3.0 13.67 85.23 98.90 OK
r-patched-solaris-x86 3.0 177.40 NOTE
r-release-linux-x86_64 3.0 13.01 85.71 98.72 OK
r-release-windows-ix86+x86_64 3.0 28.00 136.00 164.00 OK
r-release-osx-x86_64 3.0 NOTE
r-oldrel-windows-ix86+x86_64 3.0 21.00 89.00 110.00 OK
r-oldrel-osx-x86_64 3.0 NOTE

Check Details

Version: 3.0
Check: dependencies in R code
Result: NOTE
    Namespace in Imports field not imported from: ‘MCMCpack’
     All declared Imports should be used.
Flavors: r-devel-linux-x86_64-fedora-clang, r-devel-linux-x86_64-fedora-gcc, r-patched-solaris-x86, r-release-osx-x86_64, r-oldrel-osx-x86_64