Last updated on 2023-10-01 23:03:47 CEST.
Flavor | Version | Tinstall | Tcheck | Ttotal | Status | Flags |
---|---|---|---|---|---|---|
r-devel-linux-x86_64-debian-clang | 0.2.1 | 12.11 | 31.16 | 43.27 | NOTE | |
r-devel-linux-x86_64-debian-gcc | 0.2.1 | 8.57 | 24.35 | 32.92 | NOTE | |
r-devel-linux-x86_64-fedora-clang | 0.2.1 | 57.32 | NOTE | |||
r-devel-linux-x86_64-fedora-gcc | 0.2.1 | 67.43 | NOTE | |||
r-devel-windows-x86_64 | 0.2.1 | 12.00 | 54.00 | 66.00 | NOTE | |
r-patched-linux-x86_64 | 0.2.1 | 11.19 | 29.92 | 41.11 | NOTE | |
r-release-linux-x86_64 | 0.2.1 | 12.72 | 30.58 | 43.30 | NOTE | |
r-release-macos-arm64 | 0.2.1 | 29.00 | NOTE | |||
r-release-macos-x86_64 | 0.2.1 | 42.00 | NOTE | |||
r-release-windows-x86_64 | 0.2.1 | 14.00 | 56.00 | 70.00 | NOTE | |
r-oldrel-macos-arm64 | 0.2.1 | 22.00 | OK | |||
r-oldrel-macos-x86_64 | 0.2.1 | 28.00 | OK | |||
r-oldrel-windows-x86_64 | 0.2.1 | 16.00 | 56.00 | 72.00 | OK |
Version: 0.2.1
Check: C++ specification
Result: NOTE
Specified C++11: please drop specification unless essential
Flavors: r-devel-linux-x86_64-debian-clang, r-devel-linux-x86_64-debian-gcc, r-devel-linux-x86_64-fedora-clang, r-devel-linux-x86_64-fedora-gcc, r-devel-windows-x86_64, r-patched-linux-x86_64, r-release-linux-x86_64, r-release-macos-arm64, r-release-macos-x86_64, r-release-windows-x86_64