CRAN Package Check Results for Package hilbertSimilarity

Last updated on 2021-07-22 22:52:05 CEST.

Flavor Version Tinstall Tcheck Ttotal Status Flags
r-devel-linux-x86_64-debian-clang 0.4.3 20.53 189.40 209.93 NOTE
r-devel-linux-x86_64-debian-gcc 0.4.3 11.70 141.43 153.13 NOTE
r-devel-linux-x86_64-fedora-clang 0.4.3 260.42 NOTE
r-devel-linux-x86_64-fedora-gcc 0.4.3 255.84 NOTE
r-devel-windows-x86_64 0.4.3 18.00 177.00 195.00 NOTE
r-devel-windows-x86_64-gcc10-UCRT 0.4.3 NOTE
r-patched-linux-x86_64 0.4.3 NOTE
r-patched-solaris-x86 0.4.3 273.20 WARN
r-release-linux-x86_64 0.4.3 14.70 185.70 200.40 NOTE
r-release-macos-arm64 0.4.3 NOTE
r-release-macos-x86_64 0.4.3 NOTE
r-release-windows-ix86+x86_64 0.4.3 46.00 199.00 245.00 NOTE
r-oldrel-macos-x86_64 0.4.3 OK
r-oldrel-windows-ix86+x86_64 0.4.3 60.00 236.00 296.00 OK

Check Details

Version: 0.4.3
Check: LazyData
Result: NOTE
     'LazyData' is specified without a 'data' directory
Flavors: r-devel-linux-x86_64-debian-clang, r-devel-linux-x86_64-debian-gcc, r-devel-linux-x86_64-fedora-clang, r-devel-linux-x86_64-fedora-gcc, r-devel-windows-x86_64, r-devel-windows-x86_64-gcc10-UCRT, r-patched-linux-x86_64, r-patched-solaris-x86, r-release-linux-x86_64, r-release-macos-arm64, r-release-macos-x86_64, r-release-windows-ix86+x86_64

Version: 0.4.3
Check: whether package can be installed
Result: WARN
    Found the following significant warnings:
     mapping.cpp:95:58: warning: ISO C++ says that these are ambiguous, even though the worst conversion for the first is better than the worst conversion for the second:
Flavor: r-patched-solaris-x86