CRAN Package Check Results for Package hillR

Last updated on 2022-12-09 22:55:53 CET.

Flavor Version Tinstall Tcheck Ttotal Status Flags
r-devel-linux-x86_64-debian-clang 0.5.1 3.08 46.67 49.75 NOTE
r-devel-linux-x86_64-debian-gcc 0.5.1 1.88 39.81 41.69 NOTE
r-devel-linux-x86_64-fedora-clang 0.5.1 72.47 NOTE
r-devel-linux-x86_64-fedora-gcc 0.5.1 70.63 NOTE
r-devel-windows-x86_64 0.5.1 13.00 97.00 110.00 NOTE
r-patched-linux-x86_64 0.5.1 2.59 43.81 46.40 NOTE
r-release-linux-x86_64 0.5.1 3.26 44.54 47.80 NOTE
r-release-macos-arm64 0.5.1 19.00 NOTE
r-release-macos-x86_64 0.5.1 29.00 NOTE
r-release-windows-x86_64 0.5.1 14.00 78.00 92.00 NOTE
r-oldrel-macos-arm64 0.5.1 25.00 NOTE
r-oldrel-macos-x86_64 0.5.1 32.00 NOTE
r-oldrel-windows-ix86+x86_64 0.5.1 8.00 87.00 95.00 WARN

Check Details

Version: 0.5.1
Check: LazyData
Result: NOTE
     'LazyData' is specified without a 'data' directory
Flavors: r-devel-linux-x86_64-debian-clang, r-devel-linux-x86_64-debian-gcc, r-devel-linux-x86_64-fedora-clang, r-devel-linux-x86_64-fedora-gcc, r-devel-windows-x86_64, r-patched-linux-x86_64, r-release-linux-x86_64, r-release-macos-arm64, r-release-macos-x86_64, r-release-windows-x86_64, r-oldrel-macos-arm64, r-oldrel-macos-x86_64, r-oldrel-windows-ix86+x86_64

Version: 0.5.1
Check: for unstated dependencies in ‘tests’
Result: WARN
    Warning: unable to access index for repository https://bioconductor.org/packages/3.14/bioc/src/contrib:
     cannot open URL 'https://bioconductor.org/packages/3.14/bioc/src/contrib/PACKAGES'
    Warning: unable to access index for repository https://bioconductor.org/packages/3.14/data/annotation/src/contrib:
     cannot open URL 'https://bioconductor.org/packages/3.14/data/annotation/src/contrib/PACKAGES'
    Warning: unable to access index for repository https://bioconductor.org/packages/3.14/data/experiment/src/contrib:
     cannot open URL 'https://bioconductor.org/packages/3.14/data/experiment/src/contrib/PACKAGES'
Flavor: r-oldrel-windows-ix86+x86_64