Last updated on 2022-07-06 21:53:42 CEST.
Flavor | Version | Tinstall | Tcheck | Ttotal | Status | Flags |
---|---|---|---|---|---|---|
r-devel-linux-x86_64-debian-clang | 1.5.1 | 19.40 | 202.16 | 221.56 | OK | |
r-devel-linux-x86_64-debian-gcc | 1.5.1 | 14.51 | 142.59 | 157.10 | OK | |
r-devel-linux-x86_64-fedora-clang | 1.5.1 | 280.13 | WARN | |||
r-devel-linux-x86_64-fedora-gcc | 1.5.1 | 279.73 | WARN | |||
r-devel-windows-x86_64 | 1.5.1 | 30.00 | 221.00 | 251.00 | OK | |
r-patched-linux-x86_64 | 1.5.1 | 16.97 | 193.11 | 210.08 | OK | |
r-release-linux-x86_64 | 1.5.1 | 17.14 | 186.65 | 203.79 | OK | |
r-release-macos-arm64 | 1.5.1 | 68.00 | OK | |||
r-release-macos-x86_64 | 1.5.1 | 123.00 | OK | |||
r-release-windows-x86_64 | 1.5.1 | 34.00 | 219.00 | 253.00 | OK | |
r-oldrel-macos-arm64 | 1.5.1 | 82.00 | OK | |||
r-oldrel-macos-x86_64 | 1.5.1 | 135.00 | OK | |||
r-oldrel-windows-ix86+x86_64 | 1.5.1 | 44.00 | 218.00 | 262.00 | OK |
Version: 1.5.1
Check: package dependencies
Result: WARN
Requires (indirectly) orphaned package: ‘gtools’
Flavors: r-devel-linux-x86_64-fedora-clang, r-devel-linux-x86_64-fedora-gcc