CRAN Package Check Results for Package hlaR

Last updated on 2021-07-25 23:00:16 CEST.

Flavor Version Tinstall Tcheck Ttotal Status Flags
r-devel-linux-x86_64-debian-clang 0.1.0 14.20 300.90 315.10 OK
r-devel-linux-x86_64-debian-gcc 0.1.0 11.48 216.88 228.36 OK
r-devel-linux-x86_64-fedora-clang 0.1.0 353.60 NOTE
r-devel-linux-x86_64-fedora-gcc 0.1.0 350.93 NOTE
r-devel-windows-x86_64 0.1.0 22.00 360.00 382.00 OK
r-devel-windows-x86_64-gcc10-UCRT 0.1.0 NOTE
r-patched-linux-x86_64 0.1.0 14.53 278.92 293.45 OK
r-patched-solaris-x86 0.1.0 461.60 NOTE
r-release-linux-x86_64 0.1.0 13.78 271.18 284.96 OK
r-release-macos-arm64 0.1.0 NOTE
r-release-macos-x86_64 0.1.0 NOTE
r-release-windows-ix86+x86_64 0.1.0 32.00 298.00 330.00 OK
r-oldrel-macos-x86_64 0.1.0 NOTE
r-oldrel-windows-ix86+x86_64 0.1.0 33.00 425.00 458.00 OK

Check Details

Version: 0.1.0
Check: dependencies in R code
Result: NOTE
    Namespaces in Imports field not imported from:
     ‘here’ ‘readxlsb’ ‘usethis’
     All declared Imports should be used.
Flavors: r-devel-linux-x86_64-fedora-clang, r-devel-linux-x86_64-fedora-gcc, r-devel-windows-x86_64-gcc10-UCRT, r-patched-solaris-x86, r-release-macos-arm64, r-release-macos-x86_64, r-oldrel-macos-x86_64