CRAN Package Check Results for Package hlidacr

Last updated on 2021-07-25 23:00:16 CEST.

Flavor Version Tinstall Tcheck Ttotal Status Flags
r-devel-linux-x86_64-debian-clang 0.1.3 2.24 30.59 32.83 NOTE
r-devel-linux-x86_64-debian-gcc 0.1.3 2.01 24.40 26.41 NOTE
r-devel-linux-x86_64-fedora-clang 0.1.3 50.33 NOTE
r-devel-linux-x86_64-fedora-gcc 0.1.3 39.72 NOTE
r-devel-windows-x86_64 0.1.3 6.00 49.00 55.00 NOTE
r-devel-windows-x86_64-gcc10-UCRT 0.1.3 NOTE
r-patched-linux-x86_64 0.1.3 2.86 29.85 32.71 NOTE
r-patched-solaris-x86 0.1.3 59.50 NOTE
r-release-linux-x86_64 0.1.3 2.63 30.26 32.89 NOTE
r-release-macos-arm64 0.1.3 NOTE
r-release-macos-x86_64 0.1.3 ERROR
r-release-windows-ix86+x86_64 0.1.3 5.00 38.00 43.00 NOTE
r-oldrel-macos-x86_64 0.1.3 OK
r-oldrel-windows-ix86+x86_64 0.1.3 5.00 50.00 55.00 OK

Check Details

Version: 0.1.3
Check: LazyData
Result: NOTE
     'LazyData' is specified without a 'data' directory
Flavors: r-devel-linux-x86_64-debian-clang, r-devel-linux-x86_64-debian-gcc, r-devel-linux-x86_64-fedora-clang, r-devel-linux-x86_64-fedora-gcc, r-devel-windows-x86_64, r-devel-windows-x86_64-gcc10-UCRT, r-patched-linux-x86_64, r-patched-solaris-x86, r-release-linux-x86_64, r-release-macos-arm64, r-release-macos-x86_64, r-release-windows-ix86+x86_64

Version: 0.1.3
Check: tests
Result: ERROR
     Running ‘testthat.R’ [1s/1s]
    Running the tests in ‘tests/testthat.R’ failed.
    Complete output:
     > library(testthat)
     > library(hlidacr)
     >
     > test_check("hlidacr")
     Error: No root directory found in /Volumes/Builds/packages/high-sierra-x86_64/results/4.1/hlidacr.Rcheck/tests/testthat or its parent directories. Root criterion: contains a file "DESCRIPTION" with contents matching "^Package: "
     Execution halted
Flavor: r-release-macos-x86_64