CRAN Package Check Results for Package hopit

Last updated on 2021-10-25 23:52:48 CEST.

Flavor Version Tinstall Tcheck Ttotal Status Flags
r-devel-linux-x86_64-debian-clang 0.10.3 44.19 117.68 161.87 OK
r-devel-linux-x86_64-debian-gcc 0.10.3 34.18 90.07 124.25 OK
r-devel-linux-x86_64-fedora-clang 0.10.3 230.99 NOTE
r-devel-linux-x86_64-fedora-gcc 0.10.3 215.28 NOTE
r-devel-windows-x86_64 0.10.3 56.00 176.00 232.00 OK
r-devel-windows-x86_64-gcc10-UCRT 0.10.3 NOTE
r-patched-linux-x86_64 0.10.3 40.87 115.37 156.24 OK
r-patched-solaris-x86 0.10.3 290.70 NOTE
r-release-linux-x86_64 0.10.3 39.17 115.91 155.08 OK
r-release-macos-arm64 0.10.3 NOTE
r-release-macos-x86_64 0.10.3 NOTE
r-release-windows-ix86+x86_64 0.10.3 75.00 228.00 303.00 OK
r-oldrel-macos-x86_64 0.10.3 NOTE
r-oldrel-windows-ix86+x86_64 0.10.3 100.00 269.00 369.00 OK

Check Details

Version: 0.10.3
Check: installed package size
Result: NOTE
     installed size is 9.1Mb
     sub-directories of 1Mb or more:
     libs 8.4Mb
Flavors: r-devel-linux-x86_64-fedora-clang, r-release-macos-arm64, r-release-macos-x86_64, r-oldrel-macos-x86_64

Version: 0.10.3
Check: dependencies in R code
Result: NOTE
    Namespace in Imports field not imported from: ‘Matrix’
     All declared Imports should be used.
Flavors: r-devel-linux-x86_64-fedora-clang, r-devel-linux-x86_64-fedora-gcc, r-devel-windows-x86_64-gcc10-UCRT, r-patched-solaris-x86, r-release-macos-arm64, r-release-macos-x86_64, r-oldrel-macos-x86_64