CRAN Package Check Results for Package hot.deck

Last updated on 2020-02-17 22:49:34 CET.

Flavor Version Tinstall Tcheck Ttotal Status Flags
r-devel-linux-x86_64-debian-clang 1.1 12.35 105.91 118.26 WARN
r-devel-linux-x86_64-debian-gcc 1.1 8.76 90.09 98.85 OK
r-devel-linux-x86_64-fedora-clang 1.1 153.84 OK
r-devel-linux-x86_64-fedora-gcc 1.1 154.65 OK
r-devel-windows-ix86+x86_64 1.1 23.00 119.00 142.00 OK
r-devel-windows-ix86+x86_64-gcc8 1.1 36.00 166.00 202.00 OK
r-patched-linux-x86_64 1.1 9.19 99.69 108.88 OK
r-patched-solaris-x86 1.1 202.00 OK
r-release-linux-x86_64 1.1 9.60 99.44 109.04 OK
r-release-windows-ix86+x86_64 1.1 21.00 106.00 127.00 OK
r-release-osx-x86_64 1.1 OK
r-oldrel-windows-ix86+x86_64 1.1 12.00 105.00 117.00 OK
r-oldrel-osx-x86_64 1.1 OK

Check Details

Version: 1.1
Check: package dependencies
Result: NOTE
    Package suggested but not available for checking: 'Zelig'
Flavor: r-devel-linux-x86_64-debian-clang

Version: 1.1
Check: re-building of vignette outputs
Result: WARN
    Error(s) in re-building vignettes:
     ...
    --- re-building 'Using_Hot_Deck_Data.Rnw' using Sweave
    Loading required package: mice
    Loading required package: lattice
    
    Attaching package: 'mice'
    
    The following objects are masked from 'package:base':
    
     cbind, rbind
    
    Warning in hot.deck(isq99, sdCutoff = 3, IDvars = c("IDORIGIN", "YEAR")) :
     52 observations with no observed data. These observations were removed
    
    Warning in hot.deck(isq99, sdCutoff = 3, IDvars = c("IDORIGIN", "YEAR")) :
     45 of 4661 imputations with # donors < 5, consider increasing sdCutoff or using method='p.draw'
    
    
    Error: processing vignette 'Using_Hot_Deck_Data.Rnw' failed with diagnostics:
     chunk 7 (label = zel)
    Error in library(Zelig) : there is no package called 'Zelig'
    
    --- failed re-building 'Using_Hot_Deck_Data.Rnw'
    
    SUMMARY: processing the following file failed:
     'Using_Hot_Deck_Data.Rnw'
    
    Error: Vignette re-building failed.
    Execution halted
Flavor: r-devel-linux-x86_64-debian-clang