Last updated on 2023-10-01 23:03:47 CEST.
Flavor | Version | Tinstall | Tcheck | Ttotal | Status | Flags |
---|---|---|---|---|---|---|
r-devel-linux-x86_64-debian-clang | 1.3.1 | 253.94 | 42.92 | 296.86 | OK | |
r-devel-linux-x86_64-debian-gcc | 1.3.1 | 204.85 | 32.24 | 237.09 | OK | |
r-devel-linux-x86_64-fedora-clang | 1.3.1 | 421.27 | OK | |||
r-devel-linux-x86_64-fedora-gcc | 1.3.1 | 497.56 | OK | |||
r-devel-windows-x86_64 | 1.3.1 | 185.00 | 88.00 | 273.00 | OK | |
r-patched-linux-x86_64 | 1.3.1 | 236.58 | 41.76 | 278.34 | OK | |
r-release-linux-x86_64 | 1.3.1 | 248.23 | 41.60 | 289.83 | OK | |
r-release-macos-arm64 | 1.3.1 | 93.00 | NOTE | |||
r-release-macos-x86_64 | 1.3.1 | 115.00 | NOTE | |||
r-release-windows-x86_64 | 1.3.1 | 242.00 | 99.00 | 341.00 | OK | |
r-oldrel-macos-arm64 | 1.3.1 | 93.00 | NOTE | |||
r-oldrel-macos-x86_64 | 1.3.1 | 116.00 | NOTE | |||
r-oldrel-windows-x86_64 | 1.3.1 | 219.00 | 88.00 | 307.00 | OK |
Version: 1.3.1
Check: installed package size
Result: NOTE
installed size is 15.9Mb
sub-directories of 1Mb or more:
libs 15.5Mb
Flavors: r-release-macos-arm64, r-release-macos-x86_64, r-oldrel-macos-arm64, r-oldrel-macos-x86_64