CRAN Package Check Results for Package hpackedbubble

Last updated on 2021-12-03 22:57:42 CET.

Flavor Version Tinstall Tcheck Ttotal Status Flags
r-devel-linux-x86_64-debian-clang 0.1.0 2.14 25.62 27.76 OK
r-devel-linux-x86_64-debian-gcc 0.1.0 1.41 20.69 22.10 OK
r-devel-linux-x86_64-fedora-clang 0.1.0 45.03 OK
r-devel-linux-x86_64-fedora-gcc 0.1.0 34.62 OK
r-devel-windows-x86_64-new-UL 0.1.0 7.00 65.00 72.00 OK
r-devel-windows-x86_64-new-TK 0.1.0 OK
r-devel-windows-x86_64-old 0.1.0 4.00 35.00 39.00 OK
r-patched-linux-x86_64 0.1.0 2.09 24.28 26.37 OK
r-release-linux-x86_64 0.1.0 1.67 24.37 26.04 OK
r-release-macos-arm64 0.1.0 OK
r-release-macos-x86_64 0.1.0 WARN
r-release-windows-ix86+x86_64 0.1.0 6.00 45.00 51.00 OK
r-oldrel-macos-x86_64 0.1.0 WARN
r-oldrel-windows-ix86+x86_64 0.1.0 6.00 45.00 51.00 OK

Check Details

Version: 0.1.0
Check: re-building of vignette outputs
Result: WARN
    Error(s) in re-building vignettes:
     ...
    --- re-building ‘hpackedbubble.Rmd’ using rmarkdown
    Warning in engine$weave(file, quiet = quiet, encoding = enc) :
     Pandoc (>= 1.12.3) not available. Falling back to R Markdown v1.
    Quitting from lines 35-49 (hpackedbubble.Rmd)
    Error: processing vignette 'hpackedbubble.Rmd' failed with diagnostics:
    invalid 'path' argument
    --- failed re-building ‘hpackedbubble.Rmd’
    
    SUMMARY: processing the following file failed:
     ‘hpackedbubble.Rmd’
    
    Error: Vignette re-building failed.
    Execution halted
Flavor: r-release-macos-x86_64

Version: 0.1.0
Check: re-building of vignette outputs
Result: WARN
    Error(s) in re-building vignettes:
     ...
    --- re-building ‘hpackedbubble.Rmd’ using rmarkdown
    Warning in engine$weave(file, quiet = quiet, encoding = enc) :
     Pandoc (>= 1.12.3) and/or pandoc-citeproc not available. Falling back to R Markdown v1.
    Quitting from lines 35-49 (hpackedbubble.Rmd)
    Error: processing vignette 'hpackedbubble.Rmd' failed with diagnostics:
    cannot open the connection
    --- failed re-building ‘hpackedbubble.Rmd’
    
    SUMMARY: processing the following file failed:
     ‘hpackedbubble.Rmd’
    
    Error: Vignette re-building failed.
    Execution halted
Flavor: r-oldrel-macos-x86_64