Last updated on 2024-03-27 22:57:47 CET.
Flavor | Version | Tinstall | Tcheck | Ttotal | Status | Flags |
---|---|---|---|---|---|---|
r-devel-linux-x86_64-debian-clang | 2.0.3 | 78.65 | 58.23 | 136.88 | OK | |
r-devel-linux-x86_64-debian-gcc | 2.0.3 | 56.42 | 44.44 | 100.86 | OK | |
r-devel-linux-x86_64-fedora-clang | 2.0.3 | 211.22 | NOTE | |||
r-devel-linux-x86_64-fedora-gcc | 2.0.3 | 206.27 | NOTE | |||
r-devel-windows-x86_64 | 2.0.3 | 64.00 | 99.00 | 163.00 | OK | |
r-patched-linux-x86_64 | 2.0.3 | 74.22 | 55.73 | 129.95 | OK | |
r-release-linux-x86_64 | 2.0.3 | 77.86 | 56.61 | 134.47 | OK | |
r-release-macos-arm64 | 2.0.3 | 54.00 | OK | |||
r-release-macos-x86_64 | 2.0.3 | 106.00 | OK | |||
r-release-windows-x86_64 | 2.0.3 | 79.00 | 105.00 | 184.00 | OK | |
r-oldrel-macos-arm64 | 2.0.3 | 52.00 | OK | |||
r-oldrel-windows-x86_64 | 2.0.3 | 74.00 | 107.00 | 181.00 | OK |
Version: 2.0.3
Check: compiled code
Result: NOTE
File ‘hsphase/libs/hsphase.so’:
Found no calls to: ‘R_registerRoutines’, ‘R_useDynamicSymbols’
It is good practice to register native routines and to disable symbol
search.
See ‘Writing portable packages’ in the ‘Writing R Extensions’ manual.
Flavors: r-devel-linux-x86_64-fedora-clang, r-devel-linux-x86_64-fedora-gcc