CRAN Package Check Results for Package htmlTable

Last updated on 2019-09-17 22:48:09 CEST.

Flavor Version Tinstall Tcheck Ttotal Status Flags
r-devel-linux-x86_64-debian-clang 1.13.1 5.19 66.31 71.50 OK
r-devel-linux-x86_64-debian-gcc 1.13.1 4.64 51.62 56.26 OK
r-devel-linux-x86_64-fedora-clang 1.13.1 87.34 OK
r-devel-linux-x86_64-fedora-gcc 1.13.1 87.32 OK
r-devel-windows-ix86+x86_64 1.13.1 19.00 127.00 146.00 OK
r-patched-linux-x86_64 1.13.1 5.73 66.20 71.93 OK
r-patched-solaris-x86 1.13.1 127.40 OK
r-release-linux-x86_64 1.13.1 5.16 66.81 71.97 OK
r-release-windows-ix86+x86_64 1.13.1 9.00 122.00 131.00 OK
r-release-osx-x86_64 1.13.1 ERROR
r-oldrel-windows-ix86+x86_64 1.13.1 9.00 115.00 124.00 OK
r-oldrel-osx-x86_64 1.13.1 OK

Check Details

Version: 1.13.1
Check: tests
Result: ERROR
     Running ‘testInteractive.R’ [1s/1s]
     Running ‘testthat.R’ [6s/8s]
    Running the tests in ‘tests/testthat.R’ failed.
    Last 13 lines of output:
     1: tibble::as.tibble at testthat/test-htmlTable.R:398
     2: getExportedValue(pkg, name)
     3: asNamespace(ns)
     4: getNamespace(ns)
     5: loadNamespace(name)
     6: withRestarts(stop(cond), retry_loadNamespace = function() NULL)
     7: withOneRestart(expr, restarts[[1L]])
     8: doWithOneRestart(return(expr), restart)
    
     ══ testthat results ═══════════════════════════════════════════════════════════
     OK: 458 SKIPPED: 1 FAILED: 1
     1. Error: HTML code is properly escaped (@test-htmlTable.R#398)
    
     Error: testthat unit tests failed
     Execution halted
Flavor: r-release-osx-x86_64