CRAN Package Check Results for Package huge

Last updated on 2022-07-05 22:50:24 CEST.

Flavor Version Tinstall Tcheck Ttotal Status Flags
r-devel-linux-x86_64-debian-clang 1.3.5 75.61 137.30 212.91 OK
r-devel-linux-x86_64-debian-gcc 1.3.5 61.89 109.43 171.32 OK
r-devel-linux-x86_64-fedora-clang 1.3.5 298.67 NOTE
r-devel-linux-x86_64-fedora-gcc 1.3.5 273.57 OK
r-devel-windows-x86_64 1.3.5 64.00 207.00 271.00 OK
r-patched-linux-x86_64 1.3.5 60.79 133.41 194.20 OK
r-release-linux-x86_64 1.3.5 67.31 133.40 200.71 OK
r-release-macos-arm64 1.3.5 78.00 NOTE
r-release-macos-x86_64 1.3.5 99.00 NOTE
r-release-windows-x86_64 1.3.5 64.00 198.00 262.00 OK
r-oldrel-macos-arm64 1.3.5 94.00 NOTE
r-oldrel-macos-x86_64 1.3.5 93.00 NOTE
r-oldrel-windows-ix86+x86_64 1.3.5 177.00 250.00 427.00 OK

Check Details

Version: 1.3.5
Check: installed package size
Result: NOTE
     installed size is 8.4Mb
     sub-directories of 1Mb or more:
     libs 6.9Mb
Flavors: r-devel-linux-x86_64-fedora-clang, r-release-macos-arm64, r-release-macos-x86_64, r-oldrel-macos-arm64, r-oldrel-macos-x86_64