Last updated on 2025-01-22 22:51:22 CET.
Flavor | Version | Tinstall | Tcheck | Ttotal | Status | Flags |
---|---|---|---|---|---|---|
r-devel-linux-x86_64-debian-clang | 0.6.0 | 21.30 | 26.94 | 48.24 | OK | |
r-devel-linux-x86_64-debian-gcc | 0.6.0 | 16.54 | 22.02 | 38.56 | OK | |
r-devel-linux-x86_64-fedora-clang | 0.6.0 | 93.11 | NOTE | |||
r-devel-linux-x86_64-fedora-gcc | 0.6.0 | 109.43 | NOTE | |||
r-devel-windows-x86_64 | 0.6.0 | 25.00 | 63.00 | 88.00 | OK | |
r-patched-linux-x86_64 | 0.6.0 | 24.40 | 26.46 | 50.86 | NOTE | |
r-release-linux-x86_64 | 0.6.0 | 24.15 | 25.73 | 49.88 | NOTE | |
r-release-macos-arm64 | 0.6.0 | 34.00 | NOTE | |||
r-release-macos-x86_64 | 0.6.0 | 70.00 | NOTE | |||
r-release-windows-x86_64 | 0.6.0 | 28.00 | 68.00 | 96.00 | NOTE | |
r-oldrel-macos-arm64 | 0.6.0 | 39.00 | NOTE | |||
r-oldrel-macos-x86_64 | 0.6.0 | 59.00 | NOTE | |||
r-oldrel-windows-x86_64 | 0.6.0 | 26.00 | 74.00 | 100.00 | NOTE |
Version: 0.6.0
Check: compiled code
Result: NOTE
File ‘humaniformat/libs/humaniformat.so’:
Found no calls to: ‘R_registerRoutines’, ‘R_useDynamicSymbols’
It is good practice to register native routines and to disable symbol
search.
See ‘Writing portable packages’ in the ‘Writing R Extensions’ manual.
Flavors: r-devel-linux-x86_64-fedora-clang, r-devel-linux-x86_64-fedora-gcc
Version: 0.6.0
Check: LazyData
Result: NOTE
'LazyData' is specified without a 'data' directory
Flavors: r-patched-linux-x86_64, r-release-linux-x86_64, r-release-macos-arm64, r-release-macos-x86_64, r-release-windows-x86_64, r-oldrel-macos-arm64, r-oldrel-macos-x86_64, r-oldrel-windows-x86_64