CRAN Package Check Results for Package humaniformat

Last updated on 2024-03-02 22:41:56 CET.

Flavor Version Tinstall Tcheck Ttotal Status Flags
r-devel-linux-x86_64-debian-clang 0.6.0 47.04 32.35 79.39 NOTE
r-devel-linux-x86_64-debian-gcc 0.6.0 34.30 25.06 59.36 NOTE
r-devel-linux-x86_64-fedora-clang 0.6.0 117.61 NOTE
r-devel-linux-x86_64-fedora-gcc 0.6.0 128.01 NOTE
r-devel-windows-x86_64 0.6.0 36.00 67.00 103.00 NOTE
r-patched-linux-x86_64 0.6.0 46.50 31.19 77.69 NOTE
r-release-linux-x86_64 0.6.0 44.01 30.98 74.99 NOTE
r-release-macos-arm64 0.6.0 39.00 NOTE
r-release-macos-x86_64 0.6.0 59.00 NOTE
r-release-windows-x86_64 0.6.0 34.00 73.00 107.00 NOTE
r-oldrel-macos-arm64 0.6.0 34.00 NOTE
r-oldrel-windows-x86_64 0.6.0 43.00 71.00 114.00 NOTE

Check Details

Version: 0.6.0
Check: LazyData
Result: NOTE 'LazyData' is specified without a 'data' directory Flavors: r-devel-linux-x86_64-debian-clang, r-devel-linux-x86_64-debian-gcc, r-devel-linux-x86_64-fedora-clang, r-devel-linux-x86_64-fedora-gcc, r-devel-windows-x86_64, r-patched-linux-x86_64, r-release-linux-x86_64, r-release-macos-arm64, r-release-macos-x86_64, r-release-windows-x86_64, r-oldrel-macos-arm64, r-oldrel-windows-x86_64

Version: 0.6.0
Check: compiled code
Result: NOTE File ‘humaniformat/libs/humaniformat.so’: Found no calls to: ‘R_registerRoutines’, ‘R_useDynamicSymbols’ It is good practice to register native routines and to disable symbol search. See ‘Writing portable packages’ in the ‘Writing R Extensions’ manual. Flavors: r-devel-linux-x86_64-fedora-clang, r-devel-linux-x86_64-fedora-gcc