CRAN Package Check Results for Package humanize

Last updated on 2022-01-27 23:01:05 CET.

Flavor Version Tinstall Tcheck Ttotal Status Flags
r-devel-linux-x86_64-debian-clang 0.2.0 3.10 40.98 44.08 NOTE
r-devel-linux-x86_64-debian-gcc 0.2.0 2.47 32.28 34.75 NOTE
r-devel-linux-x86_64-fedora-clang 0.2.0 53.92 NOTE
r-devel-linux-x86_64-fedora-gcc 0.2.0 53.31 NOTE
r-devel-windows-x86_64-new-UL 0.2.0 22.00 59.00 81.00 NOTE
r-devel-windows-x86_64-new-TK 0.2.0 NOTE
r-patched-linux-x86_64 0.2.0 2.94 38.74 41.68 NOTE
r-release-linux-x86_64 0.2.0 2.49 39.20 41.69 NOTE
r-release-macos-arm64 0.2.0 NOTE
r-release-macos-x86_64 0.2.0 NOTE
r-release-windows-ix86+x86_64 0.2.0 6.00 51.00 57.00 NOTE
r-oldrel-macos-x86_64 0.2.0 OK
r-oldrel-windows-ix86+x86_64 0.2.0 7.00 48.00 55.00 OK

Check Details

Version: 0.2.0
Check: LazyData
Result: NOTE
     'LazyData' is specified without a 'data' directory
Flavors: r-devel-linux-x86_64-debian-clang, r-devel-linux-x86_64-debian-gcc, r-devel-linux-x86_64-fedora-clang, r-devel-linux-x86_64-fedora-gcc, r-devel-windows-x86_64-new-UL, r-devel-windows-x86_64-new-TK, r-patched-linux-x86_64, r-release-linux-x86_64, r-release-macos-arm64, r-release-macos-x86_64, r-release-windows-ix86+x86_64