CRAN Package Check Results for Package humanleague

Last updated on 2023-10-02 22:08:01 CEST.

Flavor Version Tinstall Tcheck Ttotal Status Flags
r-devel-linux-x86_64-debian-clang 2.2.0 119.64 32.57 152.21 OK
r-devel-linux-x86_64-debian-gcc 2.2.0 80.87 25.15 106.02 OK
r-devel-linux-x86_64-fedora-clang 2.2.0 103.55 OK
r-devel-linux-x86_64-fedora-gcc 2.2.0 201.59 OK
r-devel-windows-x86_64 2.2.0 61.00 71.00 132.00 OK
r-patched-linux-x86_64 2.2.0 99.09 31.29 130.38 OK
r-release-linux-x86_64 2.2.0 88.53 31.75 120.28 OK
r-release-macos-arm64 2.2.0 56.00 NOTE
r-release-macos-x86_64 2.2.0 66.00 NOTE
r-release-windows-x86_64 2.2.0 72.00 76.00 148.00 OK
r-oldrel-macos-arm64 2.2.0 55.00 NOTE
r-oldrel-macos-x86_64 2.2.0 61.00 NOTE
r-oldrel-windows-x86_64 2.2.0 79.00 75.00 154.00 OK

Check Details

Version: 2.2.0
Check: installed package size
Result: NOTE
     installed size is 8.1Mb
     sub-directories of 1Mb or more:
     libs 8.1Mb
Flavors: r-release-macos-arm64, r-release-macos-x86_64, r-oldrel-macos-arm64, r-oldrel-macos-x86_64