CRAN Package Check Results for Package hwsdr

Last updated on 2023-09-28 23:08:48 CEST.

Flavor Version Tinstall Tcheck Ttotal Status Flags
r-devel-linux-x86_64-debian-clang 1.1 6.52 66.26 72.78 OK
r-devel-linux-x86_64-debian-gcc 1.1 4.76 49.78 54.54 OK
r-devel-linux-x86_64-fedora-clang 1.1 87.24 NOTE
r-devel-linux-x86_64-fedora-gcc 1.1 104.33 NOTE
r-devel-windows-x86_64 1.1 9.00 64.00 73.00 OK
r-patched-linux-x86_64 1.1 5.48 63.95 69.43 OK
r-release-linux-x86_64 1.1 6.96 64.56 71.52 OK
r-release-macos-arm64 1.1 43.00 OK
r-release-macos-x86_64 1.1 112.00 OK
r-release-windows-x86_64 1.1 9.00 77.00 86.00 OK
r-oldrel-macos-arm64 1.1 38.00 OK
r-oldrel-macos-x86_64 1.1 44.00 OK
r-oldrel-windows-x86_64 1.1 9.00 82.00 91.00 OK

Check Details

Version: 1.1
Check: data for non-ASCII characters
Result: NOTE
     Note: found 1 marked UTF-8 string
Flavors: r-devel-linux-x86_64-fedora-clang, r-devel-linux-x86_64-fedora-gcc