CRAN Package Check Results for Package hydroscoper

Last updated on 2021-10-20 23:50:12 CEST.

Flavor Version Tinstall Tcheck Ttotal Status Flags
r-devel-linux-x86_64-debian-clang 1.4.1 2.66 37.22 39.88 OK
r-devel-linux-x86_64-debian-gcc 1.4.1 2.26 28.80 31.06 OK
r-devel-linux-x86_64-fedora-clang 1.4.1 58.53 NOTE
r-devel-linux-x86_64-fedora-gcc 1.4.1 46.94 NOTE
r-devel-windows-x86_64 1.4.1 6.00 55.00 61.00 OK
r-devel-windows-x86_64-gcc10-UCRT 1.4.1 NOTE
r-patched-linux-x86_64 1.4.1 2.94 36.89 39.83 OK
r-patched-solaris-x86 1.4.1 60.90 NOTE
r-release-linux-x86_64 1.4.1 2.02 37.93 39.95 OK
r-release-macos-arm64 1.4.1 NOTE
r-release-macos-x86_64 1.4.1 NOTE
r-release-windows-ix86+x86_64 1.4.1 13.00 54.00 67.00 OK
r-oldrel-macos-x86_64 1.4.1 NOTE
r-oldrel-windows-ix86+x86_64 1.4.1 6.00 56.00 62.00 OK

Check Details

Version: 1.4.1
Check: data for non-ASCII characters
Result: NOTE
     Note: found 3026 marked UTF-8 strings
Flavors: r-devel-linux-x86_64-fedora-clang, r-devel-linux-x86_64-fedora-gcc, r-devel-windows-x86_64-gcc10-UCRT, r-patched-solaris-x86, r-release-macos-arm64, r-release-macos-x86_64, r-oldrel-macos-x86_64