Last updated on 2023-09-26 23:04:15 CEST.
Flavor | Version | Tinstall | Tcheck | Ttotal | Status | Flags |
---|---|---|---|---|---|---|
r-devel-linux-x86_64-debian-clang | 1.1.2 | 103.39 | 189.60 | 292.99 | OK | |
r-devel-linux-x86_64-debian-gcc | 1.1.2 | 71.20 | 149.27 | 220.47 | OK | |
r-devel-linux-x86_64-fedora-clang | 1.1.2 | 400.20 | NOTE | |||
r-devel-linux-x86_64-fedora-gcc | 1.1.2 | 412.10 | OK | |||
r-devel-windows-x86_64 | 1.1.2 | 78.00 | 192.00 | 270.00 | NOTE | |
r-patched-linux-x86_64 | 1.1.2 | 71.91 | 191.18 | 263.09 | OK | |
r-release-linux-x86_64 | 1.1.2 | 73.16 | 179.70 | 252.86 | OK | |
r-release-macos-arm64 | 1.1.2 | 122.00 | NOTE | |||
r-release-macos-x86_64 | 1.1.2 | 179.00 | NOTE | |||
r-release-windows-x86_64 | 1.1.2 | 105.00 | 242.00 | 347.00 | NOTE | |
r-oldrel-macos-arm64 | 1.1.2 | 91.00 | NOTE | |||
r-oldrel-macos-x86_64 | 1.1.2 | 130.00 | NOTE | |||
r-oldrel-windows-x86_64 | 1.1.2 | 94.00 | 201.00 | 295.00 | NOTE |
Version: 1.1.2
Check: installed package size
Result: NOTE
installed size is 6.5Mb
sub-directories of 1Mb or more:
extdata 5.5Mb
Flavors: r-devel-linux-x86_64-fedora-clang, r-devel-windows-x86_64, r-release-macos-arm64, r-release-macos-x86_64, r-release-windows-x86_64, r-oldrel-macos-arm64, r-oldrel-macos-x86_64, r-oldrel-windows-x86_64