CRAN Package Check Results for Package hyperoverlap

Last updated on 2021-05-06 22:55:22 CEST.

Flavor Version Tinstall Tcheck Ttotal Status Flags
r-devel-linux-x86_64-debian-clang 1.0 6.32 71.48 77.80 NOTE
r-devel-linux-x86_64-debian-gcc 1.0 4.95 53.99 58.94 NOTE
r-devel-linux-x86_64-fedora-clang 1.0 110.16 NOTE
r-devel-linux-x86_64-fedora-gcc 1.0 96.13 NOTE
r-devel-windows-ix86+x86_64 1.0 18.00 88.00 106.00 NOTE
r-devel-windows-x86_64-gcc10-UCRT 1.0 NOTE
r-patched-linux-x86_64 1.0 6.49 68.13 74.62 NOTE
r-patched-solaris-x86 1.0 113.50 WARN
r-release-linux-x86_64 1.0 6.45 67.56 74.01 OK
r-release-macos-x86_64 1.0 OK
r-release-windows-ix86+x86_64 1.0 12.00 67.00 79.00 OK
r-oldrel-macos-x86_64 1.0 OK
r-oldrel-windows-ix86+x86_64 1.0 12.00 91.00 103.00 OK

Check Details

Version: 1.0
Check: LazyData
Result: NOTE
     'LazyData' is specified without a 'data' directory
Flavors: r-devel-linux-x86_64-debian-clang, r-devel-linux-x86_64-debian-gcc, r-devel-linux-x86_64-fedora-clang, r-devel-linux-x86_64-fedora-gcc, r-devel-windows-ix86+x86_64, r-devel-windows-x86_64-gcc10-UCRT, r-patched-linux-x86_64

Version: 1.0
Check: re-building of vignette outputs
Result: WARN
    Error(s) in re-building vignettes:
     ...
    --- re-building ‘hyperoverlap-vignette.Rmd’ using rmarkdown
    Warning in engine$weave(file, quiet = quiet, encoding = enc) :
     Pandoc (>= 1.12.3) not available. Falling back to R Markdown v1.
    PhantomJS not found. You can install it with webshot::install_phantomjs(). If it is installed, please make sure the phantomjs executable can be found via the PATH variable.
    PhantomJS not found. You can install it with webshot::install_phantomjs(). If it is installed, please make sure the phantomjs executable can be found via the PATH variable.
    Quitting from lines 51-58 (hyperoverlap-vignette.Rmd)
    Error: processing vignette 'hyperoverlap-vignette.Rmd' failed with diagnostics:
    invalid 'path' argument
    --- failed re-building ‘hyperoverlap-vignette.Rmd’
    
    SUMMARY: processing the following file failed:
     ‘hyperoverlap-vignette.Rmd’
    
    Error: Vignette re-building failed.
    Execution halted
Flavor: r-patched-solaris-x86