CRAN Package Check Results for Package hypervolume

Last updated on 2020-01-18 22:48:34 CET.

Flavor Version Tinstall Tcheck Ttotal Status Flags
r-devel-linux-x86_64-debian-clang 2.0.12 54.76 168.68 223.44 OK
r-devel-linux-x86_64-debian-gcc 2.0.12 41.92 122.41 164.33 OK
r-devel-linux-x86_64-fedora-clang 2.0.12 272.81 OK
r-devel-linux-x86_64-fedora-gcc 2.0.12 259.84 OK
r-devel-windows-ix86+x86_64 2.0.12 158.00 266.00 424.00 OK
r-devel-windows-ix86+x86_64-gcc8 2.0.12 115.00 374.00 489.00 OK
r-patched-linux-x86_64 2.0.12 42.31 142.26 184.57 OK
r-patched-solaris-x86 2.0.12 330.60 OK
r-release-linux-x86_64 2.0.12 45.07 139.56 184.63 OK
r-release-windows-ix86+x86_64 2.0.12 132.00 324.00 456.00 OK
r-release-osx-x86_64 2.0.12 WARN
r-oldrel-windows-ix86+x86_64 2.0.12 121.00 228.00 349.00 OK
r-oldrel-osx-x86_64 2.0.12 WARN

Check Details

Version: 2.0.12
Check: whether package can be installed
Result: WARN
    Found the following significant warnings:
     Warning: 'rgl_init' failed, running with rgl.useNULL = TRUE
Flavors: r-release-osx-x86_64, r-oldrel-osx-x86_64

Version: 2.0.12
Check: dependencies in R code
Result: NOTE
    No protocol specified
Flavors: r-release-osx-x86_64, r-oldrel-osx-x86_64

Version: 2.0.12
Check: S3 generic/method consistency
Result: WARN
    No protocol specified
    See section ‘Generic functions and methods’ in the ‘Writing R
    Extensions’ manual.
Flavors: r-release-osx-x86_64, r-oldrel-osx-x86_64

Version: 2.0.12
Check: replacement functions
Result: WARN
    No protocol specified
    The argument of a replacement function which corresponds to the right
    hand side must be named ‘value’.
Flavors: r-release-osx-x86_64, r-oldrel-osx-x86_64

Version: 2.0.12
Check: foreign function calls
Result: NOTE
    No protocol specified
    See chapter ‘System and foreign language interfaces’ in the ‘Writing R
    Extensions’ manual.
Flavors: r-release-osx-x86_64, r-oldrel-osx-x86_64

Version: 2.0.12
Check: R code for possible problems
Result: NOTE
    No protocol specified
Flavors: r-release-osx-x86_64, r-oldrel-osx-x86_64

Version: 2.0.12
Check: for missing documentation entries
Result: WARN
    No protocol specified
    All user-level objects in a package should have documentation entries.
    See chapter ‘Writing R documentation files’ in the ‘Writing R
    Extensions’ manual.
Flavors: r-release-osx-x86_64, r-oldrel-osx-x86_64

Version: 2.0.12
Check: for code/documentation mismatches
Result: WARN
    No protocol specified
    No protocol specified
    No protocol specified
Flavors: r-release-osx-x86_64, r-oldrel-osx-x86_64

Version: 2.0.12
Check: Rd \usage sections
Result: NOTE
    No protocol specified
    The \usage entries for S3 methods should use the \method markup and not
    their full name.
    See chapter ‘Writing R documentation files’ in the ‘Writing R
    Extensions’ manual.
Flavors: r-release-osx-x86_64, r-oldrel-osx-x86_64