Last updated on 2024-04-24 23:00:23 CEST.
Flavor | Version | Tinstall | Tcheck | Ttotal | Status | Flags |
---|---|---|---|---|---|---|
r-devel-linux-x86_64-debian-clang | 0.0.3 | 2.38 | 48.73 | 51.11 | OK | |
r-devel-linux-x86_64-debian-gcc | 0.0.3 | 2.89 | 37.32 | 40.21 | OK | |
r-devel-linux-x86_64-fedora-clang | 0.0.3 | 67.21 | NOTE | |||
r-devel-linux-x86_64-fedora-gcc | 0.0.3 | 75.87 | NOTE | |||
r-devel-windows-x86_64 | 0.0.3 | 4.00 | 55.00 | 59.00 | OK | |
r-patched-linux-x86_64 | 0.0.3 | 2.73 | 47.27 | 50.00 | OK | |
r-release-linux-x86_64 | 0.0.3 | 3.46 | 44.04 | 47.50 | OK | |
r-release-macos-arm64 | 0.0.3 | 28.00 | OK | |||
r-release-windows-x86_64 | 0.0.3 | 4.00 | 56.00 | 60.00 | OK | |
r-oldrel-macos-arm64 | 0.0.3 | 26.00 | NOTE | |||
r-oldrel-macos-x86_64 | 0.0.3 | 41.00 | OK | |||
r-oldrel-windows-x86_64 | 0.0.3 | 5.00 | 59.00 | 64.00 | OK |
Version: 0.0.3
Check: data for non-ASCII characters
Result: NOTE
Note: found 38558 marked UTF-8 strings
Flavors: r-devel-linux-x86_64-fedora-clang, r-devel-linux-x86_64-fedora-gcc, r-oldrel-macos-arm64