CRAN Package Check Results for Package iCARH

Last updated on 2019-08-21 22:48:41 CEST.

Flavor Version Tinstall Tcheck Ttotal Status Flags
r-devel-linux-x86_64-debian-clang 2.0.0 6.41 243.10 249.51 OK
r-devel-linux-x86_64-debian-gcc 2.0.0 OK
r-devel-linux-x86_64-fedora-clang 2.0.0 279.64 OK
r-devel-linux-x86_64-fedora-gcc 2.0.0 317.25 OK
r-devel-windows-ix86+x86_64 2.0.0 24.00 299.00 323.00 OK
r-patched-linux-x86_64 2.0.0 7.16 237.85 245.01 OK
r-patched-solaris-x86 2.0.0 206.80 WARN
r-release-linux-x86_64 2.0.0 5.97 231.77 237.74 OK
r-release-windows-ix86+x86_64 2.0.0 12.00 217.00 229.00 OK
r-release-osx-x86_64 2.0.0 ERROR
r-oldrel-windows-ix86+x86_64 2.0.0 13.00 298.00 311.00 OK
r-oldrel-osx-x86_64 2.0.0 WARN

Check Details

Version: 2.0.0
Check: re-building of vignette outputs
Result: WARN
    Error(s) in re-building vignettes:
     ...
    --- re-building ‘example.Rmd’ using rmarkdown
    Warning in engine$weave(file, quiet = quiet, encoding = enc) :
     Pandoc (>= 1.12.3) and/or pandoc-citeproc not available. Falling back to R Markdown v1.
    Quitting from lines 62-70 (example.Rmd)
    Quitting from lines 62-70 (example.Rmd)
    Error: processing vignette 'example.Rmd' failed with diagnostics:
    invalid connection
    --- failed re-building ‘example.Rmd’
    
    SUMMARY: processing the following file failed:
     ‘example.Rmd’
    
    Error: Vignette re-building failed.
    Execution halted
Flavor: r-patched-solaris-x86

Version: 2.0.0
Check: package dependencies
Result: ERROR
    Package required but not available: ‘KEGGgraph’
    
    See section ‘The DESCRIPTION file’ in the ‘Writing R Extensions’
    manual.
Flavor: r-release-osx-x86_64

Version: 2.0.0
Check: re-building of vignette outputs
Result: WARN
    Error in re-building vignettes:
     ...
    Warning in engine$weave(file, quiet = quiet, encoding = enc) :
     Pandoc (>= 1.12.3) and/or pandoc-citeproc not available. Falling back to R Markdown v1.
    Quitting from lines 84-88 (example.Rmd)
    Error: processing vignette 'example.Rmd' failed with diagnostics:
    argument of length 0
    Execution halted
Flavor: r-oldrel-osx-x86_64