CRAN Package Check Results for Package iCARH

Last updated on 2021-11-27 22:56:59 CET.

Flavor Version Tinstall Tcheck Ttotal Status Flags
r-devel-linux-x86_64-debian-clang 2.0.2.1 OK
r-devel-linux-x86_64-debian-gcc 2.0.2.1 8.21 172.84 181.05 OK
r-devel-linux-x86_64-fedora-clang 2.0.2.1 328.05 OK
r-devel-linux-x86_64-fedora-gcc 2.0.2.1 288.94 OK
r-devel-windows-x86_64-new-UL 2.0.2.1 20.00 250.00 270.00 OK
r-devel-windows-x86_64-new-TK 2.0.2.1 OK
r-devel-windows-x86_64-old 2.0.2.1 15.00 248.00 263.00 OK
r-patched-linux-x86_64 2.0.2.1 8.61 219.12 227.73 OK
r-patched-solaris-x86 2.0.2.1 215.60 OK
r-release-linux-x86_64 2.0.2.1 OK
r-release-macos-arm64 2.0.2.1 WARN
r-release-macos-x86_64 2.0.2.1 WARN
r-release-windows-ix86+x86_64 2.0.2.1 28.00 177.00 205.00 OK
r-oldrel-macos-x86_64 2.0.2.1 ERROR
r-oldrel-windows-ix86+x86_64 2.0.2.1 27.00 243.00 270.00 OK

Check Details

Version: 2.0.2.1
Check: re-building of vignette outputs
Result: WARN
    Error(s) in re-building vignettes:
     ...
    --- re-building ‘example.Rmd’ using rmarkdown
Flavor: r-release-macos-arm64

Version: 2.0.2.1
Check: re-building of vignette outputs
Result: WARN
    Error(s) in re-building vignettes:
     ...
    --- re-building ‘example.Rmd’ using rmarkdown
    Pandoc is required to build R Markdown vignettes but not available. Please make sure it is installed.
Flavor: r-release-macos-x86_64

Version: 2.0.2.1
Check: package dependencies
Result: ERROR
    Package required but not available: ‘KEGGgraph’
    
    See section ‘The DESCRIPTION file’ in the ‘Writing R Extensions’
    manual.
Flavor: r-oldrel-macos-x86_64