CRAN Package Check Results for Package iCellR

Last updated on 2021-10-28 01:48:51 CEST.

Flavor Version Tinstall Tcheck Ttotal Status Flags
r-devel-linux-x86_64-debian-clang 1.6.5 41.31 181.66 222.97 OK
r-devel-linux-x86_64-debian-gcc 1.6.5 32.56 134.51 167.07 OK
r-devel-linux-x86_64-fedora-clang 1.6.5 279.51 NOTE
r-devel-linux-x86_64-fedora-gcc 1.6.5 264.82 OK
r-devel-windows-x86_64 1.6.5 62.00 175.00 237.00 OK
r-devel-windows-x86_64-gcc10-UCRT 1.6.5 OK
r-patched-linux-x86_64 1.6.5 46.47 170.75 217.22 OK
r-patched-solaris-x86 1.6.5 353.50 OK
r-release-linux-x86_64 1.6.5 37.32 173.11 210.43 OK
r-release-macos-arm64 1.6.5 OK
r-release-macos-x86_64 1.6.5 OK
r-release-windows-ix86+x86_64 1.6.5 70.00 239.00 309.00 OK
r-oldrel-macos-x86_64 1.6.5 OK
r-oldrel-windows-ix86+x86_64 1.6.5 69.00 264.00 333.00 OK

Check Details

Version: 1.6.5
Check: package dependencies
Result: NOTE
    Imports includes 26 non-default packages.
    Importing from so many packages makes the package vulnerable to any of
    them becoming unavailable. Move as many as possible to Suggests and
    use conditionally.
Flavor: r-devel-linux-x86_64-fedora-clang