CRAN Package Check Results for Package iClick

Last updated on 2020-01-17 22:50:54 CET.

Flavor Version Tinstall Tcheck Ttotal Status Flags
r-devel-linux-x86_64-debian-clang 1.5 13.05 93.39 106.44 OK
r-devel-linux-x86_64-debian-gcc 1.5 10.47 74.09 84.56 OK
r-devel-linux-x86_64-fedora-clang 1.5 130.36 OK
r-devel-linux-x86_64-fedora-gcc 1.5 140.33 OK
r-devel-windows-ix86+x86_64 1.5 50.00 122.00 172.00 OK
r-devel-windows-ix86+x86_64-gcc8 1.5 31.00 155.00 186.00 OK
r-patched-linux-x86_64 1.5 11.76 85.69 97.45 OK
r-patched-solaris-x86 1.5 183.10 OK
r-release-linux-x86_64 1.5 12.11 86.06 98.17 OK
r-release-windows-ix86+x86_64 1.5 32.00 134.00 166.00 OK
r-release-osx-x86_64 1.5 ERROR
r-oldrel-windows-ix86+x86_64 1.5 17.00 136.00 153.00 OK
r-oldrel-osx-x86_64 1.5 OK

Check Details

Version: 1.5
Check: examples
Result: ERROR
    Running examples in ‘iClick-Ex.R’ failed
    The error most likely occurred in:
    
    > ### Name: iClick.ARIMA
    > ### Title: iClick GUI for ARIMA
    > ### Aliases: iClick.ARIMA
    >
    > ### ** Examples
    >
    >
    > ##External data
    > data("world20")
    > y=na.omit(diff(log(world20[,1])))
    >
    > ## Simulation data
    > #dat=rnorm(200,5,1)
    > #y=ts(dat, start = c(1970, 1), frequency = 12)
    >
    > iClick.ARIMA(y)
    Error in structure(.External(.C_dotTclObjv, objv), class = "tclObj") :
     [tcl] invalid command name "toplevel".
    Calls: iClick.ARIMA ... tktoplevel -> tkwidget -> tcl -> .Tcl.objv -> structure
    Execution halted
Flavor: r-release-osx-x86_64