CRAN Package Check Results for Package iClick

Last updated on 2019-08-24 22:46:27 CEST.

Flavor Version Tinstall Tcheck Ttotal Status Flags
r-devel-linux-x86_64-debian-clang 1.5 10.90 84.97 95.87 OK
r-devel-linux-x86_64-debian-gcc 1.5 10.68 69.10 79.78 OK
r-devel-linux-x86_64-fedora-clang 1.5 124.35 OK
r-devel-linux-x86_64-fedora-gcc 1.5 123.06 OK
r-devel-windows-ix86+x86_64 1.5 25.00 133.00 158.00 OK
r-patched-linux-x86_64 1.5 12.30 85.14 97.44 OK
r-patched-solaris-x86 1.5 181.60 OK
r-release-linux-x86_64 1.5 11.27 85.33 96.60 OK
r-release-windows-ix86+x86_64 1.5 39.00 133.00 172.00 OK
r-release-osx-x86_64 1.5 ERROR
r-oldrel-windows-ix86+x86_64 1.5 23.00 130.00 153.00 OK
r-oldrel-osx-x86_64 1.5 OK

Check Details

Version: 1.5
Check: examples
Result: ERROR
    Running examples in ‘iClick-Ex.R’ failed
    The error most likely occurred in:
    
    > ### Name: iClick.ARIMA
    > ### Title: iClick GUI for ARIMA
    > ### Aliases: iClick.ARIMA
    >
    > ### ** Examples
    >
    >
    > ##External data
    > data("world20")
    > y=na.omit(diff(log(world20[,1])))
    >
    > ## Simulation data
    > #dat=rnorm(200,5,1)
    > #y=ts(dat, start = c(1970, 1), frequency = 12)
    >
    > iClick.ARIMA(y)
    Error in structure(.External(.C_dotTclObjv, objv), class = "tclObj") :
     [tcl] invalid command name "toplevel".
    Calls: iClick.ARIMA ... tktoplevel -> tkwidget -> tcl -> .Tcl.objv -> structure
    Execution halted
Flavor: r-release-osx-x86_64