CRAN Package Check Results for Package iMediate

Last updated on 2020-02-22 22:47:49 CET.

Flavor Version Tinstall Tcheck Ttotal Status Flags
r-devel-linux-x86_64-debian-clang 0.5.5 6.39 50.12 56.51 OK
r-devel-linux-x86_64-debian-gcc 0.5.5 5.68 38.16 43.84 OK
r-devel-linux-x86_64-fedora-clang 0.5.5 70.75 OK
r-devel-linux-x86_64-fedora-gcc 0.5.5 70.19 OK
r-devel-windows-ix86+x86_64 0.5.5 16.00 66.00 82.00 OK
r-devel-windows-ix86+x86_64-gcc8 0.5.5 31.00 98.00 129.00 OK
r-patched-linux-x86_64 0.5.5 OK
r-patched-solaris-x86 0.5.5 88.40 OK
r-release-linux-x86_64 0.5.5 5.59 44.53 50.12 OK
r-release-windows-ix86+x86_64 0.5.5 2.00 5.00 7.00 ERROR
r-release-osx-x86_64 0.5.5 OK
r-oldrel-windows-ix86+x86_64 0.5.5 8.00 64.00 72.00 OK
r-oldrel-osx-x86_64 0.5.5 OK

Check Details

Version: 0.5.5
Check: whether package can be installed
Result: ERROR
    Installation failed.
Flavor: r-release-windows-ix86+x86_64